Report for Nov 2023
Monthly Climatological Summary for Nov. 2023
Name: Point Cook City: Point Cook State: Victoria
Elevation: 11 m Lat: S 37° 52' 35" Lon: E 144° 44' 21"
Temperature (°C), Rain (mm), Wind Speed (km/h)
Heat Cool Avg
Mean Deg Deg Wind Dom
Day Temp High Time Low Time Days Days Rain Speed High Time Dir
----------------------------------------------------------------------------------
01 13.5 17.1 16:35 10.9 03:33 4.8 0.0 0.0 6.6 31.0 11:30 S
02 13.9 16.4 13:53 12.0 06:28 4.4 0.0 0.0 6.8 27.0 16:42 S
03 13.9 17.9 16:13 12.0 06:23 4.4 0.0 0.2 7.6 34.0 16:44 S
04 15.2 19.7 14:31 11.7 06:36 3.2 0.1 0.0 10.5 51.0 17:47 S
05 17.7 25.0 15:55 11.7 06:23 2.3 1.7 0.0 7.9 39.0 01:22 SE
06 22.1 31.9 14:49 11.3 06:27 1.8 5.6 0.0 6.8 32.0 12:40 NNE
07 23.4 34.5 15:39 15.9 06:52 0.3 5.4 7.6 5.6 37.0 11:14 NNE
08 20.5 32.3 12:58 15.7 23:48 0.8 2.9 2.4 6.2 35.0 14:30 S
09 17.8 24.0 15:54 15.3 06:17 1.4 1.0 0.0 4.2 24.0 19:13 SSE
10 23.0 33.6 16:38 11.9 06:40 1.7 6.4 0.0 3.8 26.0 20:51 ESE
11 20.3 26.5 03:04 12.8 23:49 0.9 2.8 0.0 11.2 39.0 03:14 SSW
12 15.4 21.1 15:32 10.3 05:36 3.3 0.4 0.0 7.4 40.0 15:29 SSW
13 15.3 21.9 15:38 11.2 03:42 3.4 0.4 0.0 6.2 32.0 18:41 S
14 14.4 18.4 13:58 12.4 05:25 3.9 0.0 0.6 5.1 26.0 14:21 SSW
15 15.6 19.1 16:52 13.5 06:06 2.8 0.1 0.0 6.2 26.0 12:37 S
16 14.9 18.6 13:14 12.5 06:30 3.4 0.0 0.0 9.2 40.0 17:49 SSW
17 14.7 18.4 17:23 11.3 06:41 3.6 0.0 0.0 7.4 26.0 01:08 S
18 16.5 21.2 15:03 13.4 23:56 2.2 0.4 0.0 5.2 24.0 15:42 S
19 16.9 22.3 14:35 11.9 01:43 2.3 0.8 0.0 5.1 24.0 17:26 S
20 16.5 19.7 14:58 14.9 00:07 2.0 0.1 0.0 6.2 27.0 16:30 S
21 16.9 20.7 14:18 15.1 02:47 1.8 0.4 0.0 7.0 40.0 17:02 S
22 16.9 20.4 14:16 14.6 02:05 1.8 0.3 0.0 9.5 39.0 17:15 S
23 19.6 25.6 15:38 15.5 00:58 0.9 2.2 0.0 8.0 37.0 16:29 S
24 20.7 29.9 12:58 16.8 05:40 0.2 2.6 10.6 3.9 32.0 15:05 NE
25 20.9 28.5 12:29 16.9 02:32 0.3 2.9 3.8 5.3 32.0 19:19 NW
26 17.2 21.8 16:03 14.9 07:14 1.6 0.4 4.0 6.8 32.0 22:14 SW
27 16.0 19.8 16:25 13.7 05:35 2.4 0.1 0.6 8.5 29.0 16:07 S
28 18.3 25.7 16:11 13.6 06:50 1.7 1.7 0.2 6.5 34.0 18:12 SSE
29 17.6 18.5 04:15 16.1 23:55 0.7 0.0 4.8 15.6 47.0 12:25 SE
30 15.8 18.7 13:28 14.4 04:35 2.5 0.0 3.4 13.5 45.0 01:21 SE
----------------------------------------------------------------------------------
17.4 34.5 7 10.3 12 66.8 38.7 38.2 7.3 51.0 4 S
Max >= 35.0 0
Max <= 35.0 30
Min <= 5.0 0
Min <= 0.0 0
Max Rain: 10.6 on day 24
Days of Rain: 11 (>= 0.2 mm) 2 (>= 5.0 mm) 0 (>= 20.0 mm)
Heat Base: 18.3 Cool Base: 18.3 Method: Integration