NOAA style Climate Reports


Report for Jun 2024
                   Monthly Climatological Summary for Jun. 2024

Name: Point Cook   City: Point Cook   State: Victoria
Elevation: 11 m  Lat: S 37° 52' 35"   Lon: E 144° 44' 21"

                  Temperature (°C), Rain (mm), Wind Speed (km/h)

                                      Heat  Cool        Avg
    Mean                              Deg   Deg         Wind                 Dom
Day Temp  High   Time   Low    Time   Days  Days  Rain  Speed High   Time    Dir
----------------------------------------------------------------------------------
01   9.3  13.9   14:25   5.0   06:52   9.0   0.0   0.4   2.8  27.0   17:56   SSW
02  10.8  13.7   12:39   7.3   07:38   7.5   0.0   0.0   5.4  29.0   10:11     S
03  10.4  14.9   14:01   5.8   04:58   7.9   0.0   0.0   4.1  23.0   13:28    SW
04  10.6  14.4   11:38   7.4   03:30   7.7   0.0   0.0   2.0  14.0   08:04   WNW
05  11.3  15.0   13:01   8.3   00:43   7.0   0.0   0.0   3.1  23.0   15:00   SSW
06  12.4  16.7   14:36   8.4   04:14   5.9   0.0   0.0   3.6  24.0   14:18   SSE
07  12.7  16.1   14:40   9.9   07:58   5.6   0.0   0.0   5.6  26.0   14:37    SE
08  11.9  14.4   13:23   8.4   05:38   6.4   0.0   0.0   1.9  18.0   13:12   SSW
09  12.0  15.1   13:53   8.5   23:26   6.3   0.0   0.8   2.5  21.0   15:11    SW
10  10.3  16.2   14:41   3.3   08:03   8.0   0.0   0.2   4.7  32.0   20:21     N
11  13.6  16.9   14:49  11.7   18:30   4.7   0.0   2.8  11.2  56.0   03:40   NNW
12  11.0  13.3   00:00   8.1   23:59   7.3   0.0   1.4   7.9  39.0   05:00    SW
13   9.6  11.7   13:01   7.8   00:25   8.7   0.0   0.0   2.6  18.0   06:03    SW
14   9.7  12.4   14:08   7.1   08:07   8.6   0.0   0.0   1.1  14.0   13:25   ESE
15  10.6  14.6   13:30   8.1   00:00   7.7   0.0   0.0   6.1  27.0   11:04    SE
16   9.7  14.0   13:59   3.9   06:21   8.6   0.0   0.6   5.6  34.0   13:50   SSW
17   9.8  14.7   14:11   5.3   05:58   8.5   0.0   0.0   3.2  19.0   14:22   SSW
18   8.4  13.6   13:59   5.1   23:59   9.9   0.0   0.0   1.7  16.0   13:59   SSW
----------------------------------------------------------------------------------
    10.8  16.9    11     3.3    10   135.3   0.0   6.2   4.2  56.0    11     SSW

Max >=  35.0  0
Max <=  35.0 18
Min <=   5.0  3
Min <=   0.0  0
Max Rain: 2.8 on day 11
Days of Rain: 6 (>= 0.2 mm)  0 (>= 5.0 mm)  0 (>= 20.0 mm)
Heat Base: 18.3  Cool Base: 18.3  Method: Integration