NOAA style Climate Reports

Select a Year or Month report
2020: Jan Feb Mar Apr May Jun Jul Aug Sep Oct Nov Dec
2019: Jan Feb Mar Apr May Jun Jul Aug Sep Oct Nov Dec
2018: Jan Feb Mar Apr May Jun Jul Aug Sep Oct Nov Dec
2017: Jan Feb Mar Apr May Jun Jul Aug Sep Oct Nov Dec
2016: Jan Feb Mar Apr May Jun Jul Aug Sep Oct Nov Dec

Report for Mar 2020
                   Monthly Climatological Summary for Mar 2020

Name: Point Cook   City: Point Cook   State: Victoria
Elevation: 11 m  Lat: S 37 52 35   Lon: E 144 44 21

                  Temperature (°C), Rain (mm), Wind Speed (km/h)

                                      Heat  Cool        Avg
    Mean                              Deg   Deg         Wind                 Dom
Day Temp  High   Time   Low    Time   Days  Days  Rain  Speed High   Time    Dir
----------------------------------------------------------------------------------
01  21.8  33.8   17:29  12.5   06:47   1.6   5.1   0.0   6.7  35.4   11:00    NW
02  16.0  18.8   12:56  13.1   08:22   2.3   0.0   2.0  10.1  38.6   12:51   SSW
03  16.6  20.2   15:20  14.4   00:00   1.9   0.2   0.0   8.8  30.6   12:08     S
04  17.9  21.8   17:05  14.2   06:27   1.3   0.9   0.8   3.8  22.5   00:29    SE
05  18.2  21.3   14:34  17.0   23:52   0.4   0.4  32.4   4.1  22.5   15:37   SSW
06  17.0  20.6   14:14  15.1   07:18   1.5   0.2   0.6  10.5  35.4   12:37   SSW
07  17.1  20.7   14:25  14.9   05:37   1.4   0.3   0.0  10.3  38.6   16:38   SSW
08  17.8  22.8   14:41  14.7   06:57   1.4   0.9   0.0  13.3  41.8   14:01    SE
09  17.2  21.8   14:44  14.2   07:17   1.7   0.6   0.0  11.0  33.8   10:10    SE
10  17.5  23.2   15:09  11.3   05:27   2.0   1.2   0.0   3.8  20.9   00:01     S
11  21.0  29.7   14:49  13.1   05:05   1.6   4.2   0.0   3.2  19.3   14:55   ESE
12  23.9  31.3   15:55  16.1   04:03   0.2   5.8   0.0   8.5  37.0   10:31   NNE
13  20.7  27.7   15:07  13.9   23:32   0.8   3.2   0.0  12.8  56.3   15:56     W
14  15.1  18.1   14:27  13.4   06:48   3.2   0.0   0.0  12.8  41.8   11:20     S
15  16.0  20.1   14:03  13.2   08:05   2.4   0.1   1.6   8.2  32.2   01:26   SSE
16  18.2  25.2   17:05  10.0   07:36   2.1   2.0   0.0   5.5  25.7   18:33    SE
17  21.0  29.4   15:16  11.6   05:32   1.8   4.5   0.0   6.7  32.2   12:05     N
18  24.3  30.3   13:31  19.7   05:56   0.0   6.0   0.0   7.4  38.6   13:32   NNW
19  24.9  32.1   11:57  19.3   05:11   0.0   6.6   0.0   5.8  37.0   18:43   NNW
20  18.5  23.9   13:30  14.3   05:26   1.1   1.3   0.0   7.1  41.8   15:23     W
21  15.8  19.7   14:35  12.7   03:31   2.6   0.1   0.0   4.3  19.3   00:49   SSW
22  15.1  19.6   15:30  12.3   02:56   3.2   0.0   1.8   8.5  40.2   18:07   SSW
23  15.1  17.3   14:28  12.9   00:26   3.2   0.0   0.0   8.0  30.6   11:24   SSE
24  14.9  19.3   15:18  11.2   06:48   3.4   0.0   0.0   5.3  25.7   18:37     S
25  15.0  17.5   13:53  12.9   02:29   3.3   0.0   0.0   7.2  32.2   11:28   SSW
26  16.5  20.7   16:04  12.4   23:57   2.1   0.3   0.0   7.5  29.0   17:14     S
27  18.9  28.6   15:43  12.2   00:18   2.3   2.9   0.0   2.7  20.9   11:44    NE
28  21.3  29.1   15:36  12.3   06:27   1.4   4.4   0.0   7.0  40.2   14:58   NNE
29  21.4  26.7   12:13  16.8   23:58   0.0   3.1   2.0  10.9  41.8   11:11     N
30  18.1  23.8   15:55  14.8   08:09   1.3   1.1   0.0   3.1  20.9   16:13   WSW
31  16.4  22.3   14:09  10.8   06:47   2.7   0.8   0.0   2.6  22.5   15:18   SSE
----------------------------------------------------------------------------------
    18.4  33.8     1    10.0    16    54.2  56.2  41.2   7.3  56.3    13       S

Max >=  35.0  0
Max <=  35.0 31
Min <=   5.0  0
Min <=   0.0  0
Max Rain: 32.4 on day 5
Days of Rain: 7 (>= 0.2 mm)  1 (>= 5.0 mm)  1 (>= 20.0 mm)
Heat Base: 18.3  Cool Base: 18.3  Method: Integration