NOAA style Climate Reports


Report for May 2021
                   Monthly Climatological Summary for May 2021

Name: Point Cook   City: Point Cook   State: Victoria
Elevation: 11 m  Lat: S 37 52 35   Lon: E 144 44 21

                  Temperature (°C), Rain (mm), Wind Speed (km/h)

                                      Heat  Cool        Avg
    Mean                              Deg   Deg         Wind                 Dom
Day Temp  High   Time   Low    Time   Days  Days  Rain  Speed High   Time    Dir
----------------------------------------------------------------------------------
01  17.0  25.3   14:58   8.4   07:29   3.3   2.0   0.0   4.7  25.7   13:12   NNE
02  19.4  26.6   14:10  13.7   03:01   1.4   2.5   0.0   6.8  33.8   12:01   NNE
03  14.5  19.5   14:03  10.1   23:58   3.9   0.1  13.4   4.3  27.4   23:28    SW
04  12.5  14.9   11:44   9.2   00:56   5.8   0.0  15.4  10.7  41.8   06:46     S
05  12.7  16.8   13:39   7.8   07:15   5.6   0.0   0.0   5.7  24.1   15:37     S
06  14.0  21.0   14:44   7.9   07:18   4.6   0.3   0.0   2.5  25.7   00:18   SSE
07  14.4  21.5   13:24   8.8   07:38   4.4   0.4   0.0   0.9  11.3   13:33    SE
08  14.5  20.3   12:25  10.6   04:06   4.0   0.2   1.0   2.2  24.1   16:22     W
09  14.0  20.3   14:39   8.6   08:06   4.5   0.3   0.2   3.3  25.7   13:05   NNW
10  14.3  17.0   12:54  11.7   02:16   4.0   0.0   2.0   7.9  46.7   23:22     N
11  12.7  15.8   13:38  10.6   06:09   5.6   0.0   0.2  12.9  37.0   00:27     S
----------------------------------------------------------------------------------
    14.5  26.6     2     7.8     5    47.1   5.8  32.2   5.6  46.7    10       S

Max >=  35.0  0
Max <=  35.0 11
Min <=   5.0  0
Min <=   0.0  0
Max Rain: 15.4 on day 4
Days of Rain: 6 (>= 0.2 mm)  2 (>= 5.0 mm)  0 (>= 20.0 mm)
Heat Base: 18.3  Cool Base: 18.3  Method: Integration