NOAA style Climate Reports

Select a Year or Month report
2018: Jan Feb Mar Apr May Jun Jul Aug Sep Oct Nov Dec
2017: Jan Feb Mar Apr May Jun Jul Aug Sep Oct Nov Dec
2016: Jan Feb Mar Apr May Jun Jul Aug Sep Oct Nov Dec

Report for Mar 2016
                   Monthly Climatological Summary for Mar 2016

Name: Point Cook   City: Point Cook   State: Victoria
Elevation: 11 m  Lat: S 37 52 35   Lon: E 144 44 21

                  Temperature (°C), Rain (mm), Wind Speed (km/h)

                                      Heat  Cool        Avg
    Mean                              Deg   Deg         Wind                 Dom
Day Temp  High   Time   Low    Time   Days  Days  Rain  Speed High   Time    Dir
----------------------------------------------------------------------------------
01  23.3  34.8   15:04  15.4   04:41   0.7   5.8   0.0   5.2  38.6   19:00     W
02  22.6  33.3   14:33  15.6   07:03   0.3   4.6   0.0   6.7  45.1   16:44     S
03  20.7  25.1   14:47  17.7   23:59   0.0   2.4   0.8   8.4  29.0   17:56     S
04  22.6  32.2   14:42  15.4   06:43   0.6   4.9   0.0   4.7  27.4   17:20     S
05  21.0  23.1   11:28  18.9   23:38   0.0   2.7   0.0   6.4  29.0   13:54     S
06  20.5  25.4   12:52  16.9   03:34   0.1   2.3   0.0   6.2  37.0   16:07     S
07  21.0  25.2   17:31  18.7   03:26   0.0   2.7   0.0   7.4  30.6   23:40   SSW
08  26.8  39.7   16:56  19.4   07:33   0.0   8.5   0.0   5.9  27.4   16:52   NNE
09  25.3  31.1   00:56  19.6   22:30   0.0   7.0   2.2   8.8  30.6   12:14   SSW
10  19.5  20.7   11:53  18.8   05:39   0.0   1.2   6.6   4.1  27.4   00:00    SE
11  22.1  27.2   15:13  19.2   03:22   0.0   3.8   0.0   5.1  30.6   19:01     S
12  20.7  22.3   15:53  18.8   22:33   0.0   2.4   0.0   5.3  27.4   17:26     S
13  19.9  23.8   15:38  17.8   03:17   0.0   1.7   0.0   6.0  25.7   16:59     S
14  19.0  21.9   15:13  17.4   04:07   0.1   0.9   0.2   9.1  38.6   14:57     S
15  20.4  25.6   14:53  16.9   02:40   0.2   2.3   0.0  16.8  54.7   18:02    SE
16  22.1  30.3   15:40  14.7   06:04   0.7   4.6   0.0   7.2  35.4   16:45   ESE
17  26.5  33.6   16:35  17.8   04:19   0.0   8.3   0.0  10.4  35.4   08:41     N
18  18.5  27.4   00:34  12.6   23:56   1.4   1.6  14.4  12.1  53.1   06:36   WSW
19  15.3  19.8   13:30  12.2   04:34   3.1   0.1   0.2   8.9  37.0   18:31   SSW
20  17.5  22.6   16:30  11.3   07:18   1.7   0.9   0.0   8.4  33.8   18:46    SE
21  17.7  22.6   15:33  13.1   03:59   1.5   0.9   0.0  11.2  38.6   17:24    SE
22  17.8  24.5   17:19  10.4   06:49   2.2   1.7   0.0   3.8  19.3   14:12    SE
23  19.3  30.7   13:03  12.2   04:35   1.7   2.8   0.0   4.6  27.4   12:22   SSW
24  18.8  21.2   14:32  17.1   22:21   0.1   0.6   0.0   5.9  24.1   16:03   SSE
25  18.1  22.1   14:24  15.6   22:17   0.9   0.7   0.0   5.4  32.2   13:33     S
26  17.1  21.6   14:21  13.0   04:04   1.6   0.5   0.0   4.5  22.5   14:54    SW
27  16.2  19.7   15:03  13.7   07:14   2.2   0.1   0.0   7.1  33.8   17:21     S
28  16.6  19.2   13:18  14.3   06:47   1.8   0.0   0.0   9.2  27.4   12:05    SE
29  16.7  18.9   13:19  15.6   06:37   1.6   0.0   0.0  10.8  32.2   13:59    SE
30  16.4  19.7   16:40  11.1   23:56   2.0   0.1   0.0   8.0  33.8   15:56     S
31  16.8  23.6   15:00  10.2   01:16   2.8   1.3   0.0   2.7  20.9   13:11     S
----------------------------------------------------------------------------------
    19.9  39.7     8    10.2    31    27.3  77.4  24.4   7.3  54.7    15       S

Max >=  35.0  1
Max <=  35.0 30
Min <=   5.0  0
Min <=   0.0  0
Max Rain: 14.4 on day 18
Days of Rain: 6 (>= 0.2 mm)  2 (>= 5.0 mm)  0 (>= 20.0 mm)
Heat Base: 18.3  Cool Base: 18.3  Method: Integration