NOAA style Climate Reports

Select a Year or Month report
2019: Jan Feb Mar Apr May Jun Jul Aug Sep Oct Nov Dec
2018: Jan Feb Mar Apr May Jun Jul Aug Sep Oct Nov Dec
2017: Jan Feb Mar Apr May Jun Jul Aug Sep Oct Nov Dec
2016: Jan Feb Mar Apr May Jun Jul Aug Sep Oct Nov Dec

Report for Feb 2019
                   Monthly Climatological Summary for Feb 2019

Name: Point Cook   City: Point Cook   State: Victoria
Elevation: 11 m  Lat: S 37 52 35   Lon: E 144 44 21

                  Temperature (°C), Rain (mm), Wind Speed (km/h)

                                      Heat  Cool        Avg
    Mean                              Deg   Deg         Wind                 Dom
Day Temp  High   Time   Low    Time   Days  Days  Rain  Speed High   Time    Dir
----------------------------------------------------------------------------------
01  15.7  16.8   00:00  14.9   05:55   0.9   0.0   0.0  11.5  30.6   05:32    SE
02  26.7  32.8   15:01  14.8   07:30   0.1   5.9   0.0   6.7  25.7   16:52   SSE
03  24.7  36.6   14:58  17.9   06:38   0.0   6.4   0.0   7.0  43.5   18:12     S
04  20.6  24.0   12:57  18.2   23:57   0.0   2.3   0.0  10.9  38.6   15:55     S
05  21.1  27.8   18:35  17.9   04:30   0.1   2.9   0.0   8.9  33.8   05:10     S
06  24.2  33.3   15:29  17.9   06:42   0.0   5.9  12.2   6.5  54.7   18:31    SE
07  23.7  29.8   15:11  19.6   06:19   0.0   5.4   0.0   5.9  29.0   13:10     S
08  20.6  24.8   14:36  16.9   23:55   0.1   2.4   0.0   8.1  29.0   23:44   SSW
09  16.8  21.5   14:47  13.3   23:59   2.0   0.5   1.2   9.9  53.1   13:47   WSW
10  18.0  26.1   15:39  11.4   07:07   2.3   2.0   0.0   5.7  32.2   16:22     S
11  21.6  30.0   14:19  13.8   06:16   1.2   4.4   0.0   4.9  32.2   14:55    NW
12  17.4  21.8   09:55  11.5   23:33   1.5   0.6   1.6   9.3  51.5   10:23     W
13  15.2  21.4   14:11  10.7   02:43   3.4   0.2   0.0   6.7  35.4   12:50    SW
14  17.1  24.6   15:52   9.4   06:28   2.7   1.5   0.0   6.0  29.0   16:51     S
15  18.5  24.2   14:48  13.7   06:56   1.1   1.3   0.0   5.4  38.6   17:53     S
16  19.9  25.4   13:59  16.7   02:54   0.4   2.1   0.0   5.7  30.6   16:59     S
17  21.5  28.6   16:26  13.9   07:01   0.9   4.1   0.0   2.2  22.5   14:57    SE
18  20.6  25.6   14:35  15.2   23:57   0.2   2.5   0.0   7.9  38.6   16:16   SSW
19  16.6  21.7   12:46  12.2   05:42   2.2   0.6   0.0   6.4  30.6   15:28   SSW
20  17.0  24.4   14:47  10.6   04:58   2.5   1.2   0.0   4.7  33.8   15:32   SSW
----------------------------------------------------------------------------------
    19.9  36.6     3     9.4    14    21.6  52.2  15.0   6.9  54.7     6     SSW

Max >=  35.0  1
Max <=  35.0 19
Min <=   5.0  0
Min <=   0.0  0
Max Rain: 12.2 on day 6
Days of Rain: 3 (>= 0.2 mm)  1 (>= 5.0 mm)  0 (>= 20.0 mm)
Heat Base: 18.3  Cool Base: 18.3  Method: Integration