NOAA style Climate Reports

Select a Year or Month report
2018: Jan Feb Mar Apr May Jun Jul Aug Sep Oct Nov Dec
2017: Jan Feb Mar Apr May Jun Jul Aug Sep Oct Nov Dec
2016: Jan Feb Mar Apr May Jun Jul Aug Sep Oct Nov Dec

Report for Jun 2018
                   Monthly Climatological Summary for Jun 2018

Name: Point Cook   City: Point Cook   State: Victoria
Elevation: 11 m  Lat: S 37 52 35   Lon: E 144 44 21

                  Temperature (°C), Rain (mm), Wind Speed (km/h)

                                      Heat  Cool        Avg
    Mean                              Deg   Deg         Wind                 Dom
Day Temp  High   Time   Low    Time   Days  Days  Rain  Speed High   Time    Dir
----------------------------------------------------------------------------------
01   8.1  14.4   13:42   3.5   05:27  10.2   0.0   0.0   1.3  14.5   13:55     S
02   8.3  14.4   13:50   2.9   06:40  10.0   0.0   0.0   1.7  17.7   14:09   SSE
03   9.5  14.6   13:54   5.1   04:11   8.8   0.0   0.0   2.5  20.9   14:43     S
04  10.5  15.2   14:50   5.4   07:02   7.8   0.0   2.0   2.6  19.3   22:14   SSW
05  11.3  15.2   14:28   7.6   08:31   7.0   0.0   0.2   2.4  19.3   15:40     S
06  10.1  17.2   13:39   3.8   07:50   8.2   0.0   0.2   1.8  16.1   13:40   ENE
07  14.4  16.7   15:08   9.2   00:00   3.9   0.0   0.0  13.2  41.8   10:28     N
08  14.0  16.8   01:35  10.4   23:36   4.2   0.0   0.0   8.0  43.5   01:32     N
09  11.8  16.2   13:04   7.2   23:56   6.1   0.0   0.2   1.7  20.9   14:39   SSW
10   8.4  14.2   13:38   3.9   07:05   9.9   0.0   0.0   1.1  14.5   13:45    SE
11  10.6  16.6   14:18   3.9   06:02   7.7   0.0   0.8   7.9  41.8   23:35   NNE
12  13.2  16.9   14:47  10.5   23:59   5.1   0.0   0.2  11.3  41.8   03:52     N
13  11.1  15.3   13:06   7.6   04:44   7.2   0.0   0.4   8.0  30.6   12:13   NNW
14  11.3  15.1   15:38   7.6   03:27   7.0   0.0   4.8  12.1  51.5   20:21   NNW
15  10.4  13.9   13:46   6.6   21:43   7.9   0.0   2.4   9.3  40.2   10:07    NW
16   8.8  13.6   14:53   6.6   08:08   9.5   0.0   0.0   8.4  32.2   11:57   WNW
17  10.0  12.9   13:56   7.7   00:48   8.3   0.0  25.8  12.2  53.1   11:44    SW
18   9.6  11.7   15:09   6.3   23:56   8.7   0.0   1.4   4.4  27.4   08:08    SW
19   7.2  12.6   14:02   2.8   06:00  11.1   0.0   0.0   1.5  16.1   10:47   ENE
20   8.2  15.3   14:45   3.2   07:46  10.1   0.0   0.0   2.8  24.1   16:18     N
----------------------------------------------------------------------------------
    10.3  17.2     6     2.8    19   158.7   0.0  38.4   5.7  53.1    17     NNW

Max >=  35.0  0
Max <=  35.0 20
Min <=   5.0  7
Min <=   0.0  0
Max Rain: 25.8 on day 17
Days of Rain: 11 (>= 0.2 mm)  1 (>= 5.0 mm)  1 (>= 20.0 mm)
Heat Base: 18.3  Cool Base: 18.3  Method: Integration