NOAA style Climate Reports

Select a Year or Month report
2019: Jan Feb Mar Apr May Jun Jul Aug Sep Oct Nov Dec
2018: Jan Feb Mar Apr May Jun Jul Aug Sep Oct Nov Dec
2017: Jan Feb Mar Apr May Jun Jul Aug Sep Oct Nov Dec
2016: Jan Feb Mar Apr May Jun Jul Aug Sep Oct Nov Dec

Report for Apr 2019
                   Monthly Climatological Summary for Apr 2019

Name: Point Cook   City: Point Cook   State: Victoria
Elevation: 11 m  Lat: S 37 52 35   Lon: E 144 44 21

                  Temperature (°C), Rain (mm), Wind Speed (km/h)

                                      Heat  Cool        Avg
    Mean                              Deg   Deg         Wind                 Dom
Day Temp  High   Time   Low    Time   Days  Days  Rain  Speed High   Time    Dir
----------------------------------------------------------------------------------
01  14.5  18.6   16:07  11.2   23:59   3.8   0.0   0.0   2.7  20.9   17:15   SSE
02  16.3  27.1   15:42   6.4   07:25   4.5   2.5   0.0   3.3  25.7   13:04     N
03  17.9  25.4   12:19  14.7   05:00   1.6   1.2   0.0   7.0  33.8   10:41   SSW
04  17.4  23.7   15:18  11.9   08:11   1.9   1.0   0.0   3.6  17.7   00:22   SSE
05  21.3  29.5   15:18  12.6   06:35   1.8   4.8   0.0  10.0  49.9   22:47     N
06  18.1  25.9   00:16  13.1   22:20   1.2   1.0   0.0   6.1  41.8   01:16    SW
07  18.2  27.3   15:08   8.5   06:37   2.9   2.9   0.0   5.4  32.2   11:17    NW
08  17.6  23.6   14:15  11.9   06:56   1.8   1.1   0.0   6.1  32.2   11:40    NW
09  13.1  17.3   13:38   9.9   07:03   5.2   0.0   0.4   6.6  40.2   12:35    SW
10  13.2  17.5   12:21   9.6   05:23   5.1   0.0   0.0   5.4  25.7   12:33   SSW
11  14.4  18.6   13:09   9.1   23:58   3.9   0.0   0.0   3.7  27.4   13:55     S
12  14.1  24.2   14:47   5.8   05:23   5.3   1.1   0.0   2.3  25.7   14:53    SE
13  15.4  20.8   14:14   9.6   02:16   3.3   0.4   0.0   3.2  22.5   17:18   SSE
14  17.2  23.3   16:07  12.2   06:37   2.1   1.0   0.0   2.6  19.3   14:07    SE
15  20.0  27.9   15:11  12.3   06:41   1.6   3.3   0.0   3.5  24.1   12:58   NNE
16  25.0  31.8   14:39  19.2   02:58   0.0   6.7   0.0   8.8  35.4   09:44   NNE
17  25.3  31.7   13:08  16.6   23:27   0.1   7.1   0.0  11.4  41.8   21:25     N
18  15.5  18.7   12:39  11.1   07:05   2.8   0.0   0.0   6.4  24.1   00:20     S
19  15.6  21.2   12:56   9.7   07:22   3.1   0.5   0.0   3.7  19.3   00:21   SSE
----------------------------------------------------------------------------------
    17.4  31.8    16     5.8    12    52.0  34.6   0.4   5.4  49.9     5     WSW

Max >=  35.0  0
Max <=  35.0 19
Min <=   5.0  0
Min <=   0.0  0
Max Rain: 0.4 on day 9
Days of Rain: 1 (>= 0.2 mm)  0 (>= 5.0 mm)  0 (>= 20.0 mm)
Heat Base: 18.3  Cool Base: 18.3  Method: Integration