NOAA style Climate Reports

Select a Year or Month report
2018: Jan Feb Mar Apr May Jun Jul Aug Sep Oct Nov Dec
2017: Jan Feb Mar Apr May Jun Jul Aug Sep Oct Nov Dec
2016: Jan Feb Mar Apr May Jun Jul Aug Sep Oct Nov Dec

Report for Apr 2018
                   Monthly Climatological Summary for Apr 2018

Name: Point Cook   City: Point Cook   State: Victoria
Elevation: 11 m  Lat: S 37 52 35   Lon: E 144 44 21

                  Temperature (°C), Rain (mm), Wind Speed (km/h)

                                      Heat  Cool        Avg
    Mean                              Deg   Deg         Wind                 Dom
Day Temp  High   Time   Low    Time   Days  Days  Rain  Speed High   Time    Dir
----------------------------------------------------------------------------------
01  18.2  28.3   14:57  11.9   06:48   2.5   2.4   0.0   3.2  29.0   15:39     W
02  17.5  21.6   13:27  14.6   23:59   1.4   0.6   0.0   5.4  27.4   18:39   SSW
03  16.3  21.4   13:46  12.8   05:43   2.4   0.4   0.0   3.9  24.1   13:20   SSW
04  16.9  21.5   14:07  13.5   23:50   1.9   0.5   0.0   4.7  25.7   17:29     S
05  16.5  20.0   11:53  13.6   00:00   2.0   0.2   0.0   3.8  27.4   12:46   SSW
06  16.7  21.6   15:02  12.1   23:55   2.1   0.5   0.0   4.3  29.0   16:16   SSW
07  15.1  21.7   11:57   8.7   06:42   3.9   0.6   0.0   2.8  20.9   12:07    SE
08  20.9  31.9   14:17   9.6   06:39   2.4   5.0   0.0   5.2  33.8   10:42   NNW
09  18.3  22.4   15:12  14.4   05:53   1.0   1.0   0.0   3.8  19.3   12:11     S
10  22.2  28.7   12:39  13.8   01:52   0.8   4.7   0.0   4.6  25.7   12:12     N
11  19.3  22.6   13:58  17.9   06:40   0.1   1.1   0.0   6.3  30.6   15:59     S
12  18.0  18.0   00:00  18.0   00:00   0.3   0.0   0.0   6.4   6.4   00:00     S
13  18.0  18.0   00:00  18.0   00:00   0.3   0.0   0.0   6.4   6.4   00:00     S
14  18.0  18.0   00:00  18.0   00:00   0.3   0.0   0.0   6.4   6.4   00:00     S
15  18.0  18.0   00:00  18.0   00:00   0.3   0.0   0.0   6.4   6.4   00:00     S
16  17.7  18.0   00:00  12.7   23:59   0.6   0.0   9.2   6.3  19.3   22:43     S
17  14.0  16.2   15:10  12.2   23:58   4.3   0.0   0.0   6.1  22.5   12:07     S
18  12.7  19.8   14:56   5.4   07:06   5.7   0.1   0.0   2.1  17.7   13:52   SSE
19  14.9  22.6   13:42   8.2   07:04   4.3   0.8   0.0   2.2  20.9   16:19   SSE
20  14.6  20.8   15:37   8.8   02:27   4.1   0.4   0.0   2.1  20.9   14:04   SSE
21  15.0  22.0   13:10  10.2   00:54   3.5   0.2   0.0   2.6  16.1   09:17   SSW
22  15.4  21.0   14:01  10.4   02:18   3.3   0.5   0.0   2.3  19.3   15:03     S
----------------------------------------------------------------------------------
    17.0  31.9     8     5.4    18    47.5  19.0   9.2   4.4  33.8     8       S

Max >=  35.0  0
Max <=  35.0 22
Min <=   5.0  0
Min <=   0.0  0
Max Rain: 9.2 on day 16
Days of Rain: 1 (>= 0.2 mm)  1 (>= 5.0 mm)  0 (>= 20.0 mm)
Heat Base: 18.3  Cool Base: 18.3  Method: Integration