NOAA style Climate Reports


Report for Oct 2019
                   Monthly Climatological Summary for Oct 2019

Name: Point Cook   City: Point Cook   State: Victoria
Elevation: 11 m  Lat: S 37 52 35   Lon: E 144 44 21

                  Temperature (°C), Rain (mm), Wind Speed (km/h)

                                      Heat  Cool        Avg
    Mean                              Deg   Deg         Wind                 Dom
Day Temp  High   Time   Low    Time   Days  Days  Rain  Speed High   Time    Dir
----------------------------------------------------------------------------------
01  11.4  20.0   15:37   2.7   05:18   7.1   0.1   0.0   1.3  19.3   13:00   SSE
02  18.0  28.3   13:15   6.2   03:44   3.5   3.2   0.0   4.2  29.0   08:58     N
03  19.3  30.7   12:46  13.8   02:08   1.4   2.4   0.0   7.2  38.6   09:10    NW
04  12.8  17.3   12:20  10.6   23:53   5.5   0.0   1.4   5.2  27.4   14:45   SSW
05  14.1  22.0   23:59   8.4   01:57   4.3   0.1   0.0   3.2  22.5   09:43    SE
06  20.9  25.9   13:50  13.8   23:52   0.8   3.3   0.0  11.5  51.5   07:55    NW
07  14.1  18.6   14:50  10.4   07:15   4.2   0.0   1.0   4.5  24.1   21:43   WSW
08  11.1  14.8   14:34   8.3   23:54   7.2   0.0   2.0   9.4  43.5   14:10   SSW
09  11.4  16.3   15:24   7.1   06:35   6.9   0.0   0.2   7.4  29.0   15:57   SSW
10  12.2  16.3   16:28   8.8   05:56   6.1   0.0   0.2   6.2  29.0   15:57     S
11  13.8  19.6   14:10  10.3   05:14   4.5   0.1   0.0  10.8  43.5   15:56    SE
12  14.4  21.0   16:20   7.5   05:46   4.2   0.3   0.0   4.7  32.2   18:27    SE
13  16.4  24.4   15:27   7.6   05:04   3.5   1.6   0.0   4.5  32.2   15:50   NNE
14  17.8  27.6   14:08  13.4   07:08   1.9   1.4   0.8   4.8  32.2   17:36     S
15  15.2  19.3   15:27  12.3   06:43   3.1   0.0   0.0   5.7  25.7   15:39     S
16  15.0  21.2   14:20  12.4   23:54   3.5   0.2   1.2   2.3  33.8   17:14   WSW
----------------------------------------------------------------------------------
    14.9  30.7     3     2.7     1    67.7  12.7   6.8   5.8  51.5     6     SSW

Max >=  35.0  0
Max <=  35.0 16
Min <=   5.0  1
Min <=   0.0  0
Max Rain: 2.0 on day 8
Days of Rain: 7 (>= 0.2 mm)  0 (>= 5.0 mm)  0 (>= 20.0 mm)
Heat Base: 18.3  Cool Base: 18.3  Method: Integration