NOAA style Climate Reports

Select a Year or Month report
2018: Jan Feb Mar Apr May Jun Jul Aug Sep Oct Nov Dec
2017: Jan Feb Mar Apr May Jun Jul Aug Sep Oct Nov Dec
2016: Jan Feb Mar Apr May Jun Jul Aug Sep Oct Nov Dec

Report for Oct 2018
                   Monthly Climatological Summary for Oct 2018

Name: Point Cook   City: Point Cook   State: Victoria
Elevation: 11 m  Lat: S 37 52 35   Lon: E 144 44 21

                  Temperature (°C), Rain (mm), Wind Speed (km/h)

                                      Heat  Cool        Avg
    Mean                              Deg   Deg         Wind                 Dom
Day Temp  High   Time   Low    Time   Days  Days  Rain  Speed High   Time    Dir
----------------------------------------------------------------------------------
01  13.7  24.4   13:27   3.7   04:30   5.6   1.0   0.0   4.7  27.4   14:43    SE
02  18.4  26.6   15:46  11.1   05:50   2.3   2.5   0.0   5.3  35.4   14:39   NNE
03  16.2  22.3   01:11  12.2   23:16   2.5   0.3   0.0   9.2  35.4   14:34   SSW
04  13.1  16.6   16:01  11.1   06:05   5.2   0.0   0.0  10.4  33.8   22:31     S
05  14.2  19.4   13:52   9.4   23:59   4.2   0.0   0.0  12.6  43.5   15:03   SSE
06  14.8  23.6   11:57   5.9   05:54   4.6   1.0   0.0   4.3  27.4   15:25   SSE
07  16.7  25.3   12:24   7.6   06:51   3.2   1.7   0.0   3.7  25.7   12:47   SSE
08  19.3  28.1   14:38  12.3   07:08   1.9   2.9   0.2   4.2  24.1   14:22   SSE
09  15.0  17.6   10:09  11.6   22:54   3.3   0.0   2.0   7.6  37.0   22:26     S
10  13.0  16.8   14:14  10.7   06:55   5.3   0.0   0.0  19.6  53.1   18:10    SE
11  13.8  20.1   15:07   8.8   07:02   4.6   0.2   0.0  10.4  43.5   00:01    SE
12  15.1  22.9   14:26   6.4   06:44   4.2   0.9   0.0   7.4  35.4   15:55    SE
13  17.3  26.7   14:21   8.8   05:21   3.0   2.0   0.0   7.3  33.8   09:52     E
14  20.4  28.3   14:52  11.3   06:53   1.8   3.8   0.0   8.4  43.5   14:52   NNE
15  23.2  28.8   14:01  18.3   06:56   0.0   4.9   0.0  12.2  45.1   09:58   NNE
----------------------------------------------------------------------------------
    16.3  28.8    15     3.7     1    51.7  21.2   2.2   8.5  53.1    10      SE

Max >=  35.0  0
Max <=  35.0 15
Min <=   5.0  1
Min <=   0.0  0
Max Rain: 2.0 on day 9
Days of Rain: 2 (>= 0.2 mm)  0 (>= 5.0 mm)  0 (>= 20.0 mm)
Heat Base: 18.3  Cool Base: 18.3  Method: Integration