NOAA style Climate Reports

Select a Year or Month report
2018: Jan Feb Mar Apr May Jun Jul Aug Sep Oct Nov Dec
2017: Jan Feb Mar Apr May Jun Jul Aug Sep Oct Nov Dec
2016: Jan Feb Mar Apr May Jun Jul Aug Sep Oct Nov Dec

Report for Aug 2018
                   Monthly Climatological Summary for Aug 2018

Name: Point Cook   City: Point Cook   State: Victoria
Elevation: 11 m  Lat: S 37 52 35   Lon: E 144 44 21

                  Temperature (°C), Rain (mm), Wind Speed (km/h)

                                      Heat  Cool        Avg
    Mean                              Deg   Deg         Wind                 Dom
Day Temp  High   Time   Low    Time   Days  Days  Rain  Speed High   Time    Dir
----------------------------------------------------------------------------------
01  10.4  15.7   13:18   7.2   23:55   5.5   0.0   0.0   3.6  22.5   00:52   WNW
02  10.6  15.6   14:09   2.9   06:44   5.1   0.0   0.0  11.1  46.7   13:47   NNE
03  12.3  18.4   12:38   9.1   20:23   4.7   0.0   1.6  11.3  43.5   12:41     N
04  11.7  15.4   11:39   7.2   05:22   6.6   0.0   0.0   9.1  33.8   10:42     N
05  13.9  17.4   14:55   9.9   07:51   4.4   0.0   0.0  15.5  45.1   15:10   NNE
06  10.9  14.8   00:00   7.9   23:22   7.4   0.0   0.0  11.2  40.2   14:30    NW
07  11.1  15.6   13:29   7.3   04:37   7.2   0.0   0.4  11.3  38.6   12:34    NW
08  11.7  16.9   12:27   7.5   23:59   6.6   0.0   1.8   9.4  40.2   14:55    NW
09  10.0  15.1   14:22   4.6   05:05   8.3   0.0   0.0   9.1  46.7   23:28     N
10  14.8  19.9   15:53  10.7   00:03   3.6   0.2   0.0  18.6  54.7   08:30     N
11   9.7  15.2   14:31   6.1   23:55   8.6   0.0   8.8   5.0  29.0   18:51     W
12   9.3  15.3   14:37   3.5   07:30   9.0   0.0   0.0   7.8  33.8   17:57   WNW
13  12.4  16.2   12:05   9.5   22:48   5.9   0.0   0.0   7.4  35.4   10:06   WNW
14  13.6  18.9   13:57   8.7   08:02   4.7   0.0   0.0  10.6  41.8   16:23     N
----------------------------------------------------------------------------------
    11.6  19.9    10     2.9     2    87.6   0.2  12.6  10.2  54.7    10     NNW

Max >=  35.0  0
Max <=  35.0 14
Min <=   5.0  3
Min <=   0.0  0
Max Rain: 8.8 on day 11
Days of Rain: 4 (>= 0.2 mm)  1 (>= 5.0 mm)  0 (>= 20.0 mm)
Heat Base: 18.3  Cool Base: 18.3  Method: Integration