NOAA style Climate Reports

Select a Year or Month report
2019: Jan Feb Mar Apr May Jun Jul Aug Sep Oct Nov Dec
2018: Jan Feb Mar Apr May Jun Jul Aug Sep Oct Nov Dec
2017: Jan Feb Mar Apr May Jun Jul Aug Sep Oct Nov Dec
2016: Jan Feb Mar Apr May Jun Jul Aug Sep Oct Nov Dec

Report for Jun 2019
                   Monthly Climatological Summary for Jun 2019

Name: Point Cook   City: Point Cook   State: Victoria
Elevation: 11 m  Lat: S 37 52 35   Lon: E 144 44 21

                  Temperature (°C), Rain (mm), Wind Speed (km/h)

                                      Heat  Cool        Avg
    Mean                              Deg   Deg         Wind                 Dom
Day Temp  High   Time   Low    Time   Days  Days  Rain  Speed High   Time    Dir
----------------------------------------------------------------------------------
01  12.8  14.4   12:13  11.7   23:03   5.5   0.0   0.0   3.3  22.5   02:52   SSW
02  10.9  14.3   15:17   8.2   23:30   7.4   0.0   2.8   3.8  37.0   15:32     W
03   9.7  10.7   14:52   8.2   00:35   8.6   0.0  23.0  11.0  49.9   05:56     S
04  10.6  12.9   14:02   8.9   02:50   7.7   0.0   1.8   8.9  37.0   11:14     S
05  10.8  13.5   11:48   9.0   01:13   7.5   0.0   0.0   5.3  24.1   15:21   WSW
06  12.6  15.9   14:15  10.6   01:09   5.7   0.0   0.0   4.9  24.1   10:08   WSW
07  11.7  16.0   14:18   6.4   23:58   6.6   0.0   0.0   2.2  16.1   14:35     S
08  11.8  19.2   14:16   4.8   03:59   6.5   0.0   0.0   5.5  29.0   23:56     N
09  13.7  18.0   15:07  10.1   07:29   4.6   0.0   2.6   9.5  30.6   00:17     N
10  15.1  18.5   14:19  11.2   23:59   3.2   0.0   0.4   9.0  41.8   11:34   NNW
11  13.1  18.7   14:12   7.9   06:22   5.3   0.0   0.0   6.8  30.6   23:59     N
12  14.8  17.0   07:05  11.7   23:57   3.5   0.0   5.4   9.2  40.2   07:58     N
13  11.8  16.6   14:45   7.3   06:36   6.5   0.0   1.2   5.5  32.2   13:16    NW
14  12.5  18.0   14:29   9.3   23:44   5.8   0.0   0.0   5.4  33.8   18:04    NW
15  11.3  15.5   13:04   7.6   07:21   7.0   0.0   0.0   1.9  14.5   12:25    NW
16  10.8  16.7   13:31   8.1   08:25   7.5   0.0   6.6   1.5  17.7   13:46     N
----------------------------------------------------------------------------------
    12.1  19.2     8     4.8     8    98.9   0.0  43.8   5.9  49.9     3      NW

Max >=  35.0  0
Max <=  35.0 16
Min <=   5.0  1
Min <=   0.0  0
Max Rain: 23.0 on day 3
Days of Rain: 8 (>= 0.2 mm)  3 (>= 5.0 mm)  1 (>= 20.0 mm)
Heat Base: 18.3  Cool Base: 18.3  Method: Integration