NOAA style Climate Reports

Select a Year or Month report
2019: Jan Feb Mar Apr May Jun Jul Aug Sep Oct Nov Dec
2018: Jan Feb Mar Apr May Jun Jul Aug Sep Oct Nov Dec
2017: Jan Feb Mar Apr May Jun Jul Aug Sep Oct Nov Dec
2016: Jan Feb Mar Apr May Jun Jul Aug Sep Oct Nov Dec

Report for Aug 2019
                   Monthly Climatological Summary for Aug 2019

Name: Point Cook   City: Point Cook   State: Victoria
Elevation: 11 m  Lat: S 37 52 35   Lon: E 144 44 21

                  Temperature (°C), Rain (mm), Wind Speed (km/h)

                                      Heat  Cool        Avg
    Mean                              Deg   Deg         Wind                 Dom
Day Temp  High   Time   Low    Time   Days  Days  Rain  Speed High   Time    Dir
----------------------------------------------------------------------------------
01   9.1   9.3   03:53   8.9   07:31   3.2   0.0   0.0   0.7  14.5   04:32   WSW
02  12.2  13.9   14:35   9.7   08:19   3.9   0.0   0.0   4.3  20.9   11:57   WSW
03  11.6  14.3   14:08  10.0   04:44   6.7   0.0   0.8   4.5  25.7   11:54     W
04  11.0  14.3   12:15   8.4   07:03   7.3   0.0   0.2   1.1  16.1   20:57   NNE
05  11.7  16.4   14:53   8.9   07:23   6.6   0.0   0.0   5.5  27.4   11:51   NNW
06  11.3  13.9   15:35   9.5   06:37   7.0   0.0   0.0  11.0  37.0   17:28     N
07  11.2  14.3   13:54   9.2   23:53   7.1   0.0   2.6   3.9  29.0   00:09   NNW
08   9.5  14.1   13:39   5.3   07:46   8.8   0.0  11.6   7.8  40.2   12:03    NW
09   7.5   9.8   11:42   3.7   23:30  10.8   0.0   1.6  10.9  49.9   02:29     W
10   7.4  12.8   13:57   3.4   00:46  10.9   0.0   5.4   8.3  37.0   13:26     W
11   8.5  13.3   13:26   4.4   03:36   9.8   0.0  10.2   9.2  46.7   00:27    SW
12   9.5  14.1   14:42   6.3   08:01   8.8   0.0   2.8   5.3  29.0   15:14   WSW
13  10.8  13.9   15:04   7.8   02:53   7.5   0.0   0.0   3.9  22.5   12:24     W
14  10.9  14.7   12:40   8.1   23:26   7.4   0.0   1.4   3.9  29.0   15:07   NNW
15  12.1  17.2   13:22   7.7   05:43   6.2   0.0   0.0  12.0  40.2   12:30     N
16  11.7  17.5   11:46   7.3   23:05   6.6   0.0   1.4   9.9  40.2   00:48   NNW
17  10.8  15.6   13:39   7.4   04:41   7.5   0.0   0.0   3.9  30.6   23:44   ENE
18  12.1  19.1   12:05   7.0   23:52   6.2   0.0   3.4  13.3  57.9   10:04   NNW
19   8.3  13.1   13:40   4.8   07:29  10.0   0.0   1.0   8.8  40.2   10:39     W
----------------------------------------------------------------------------------
    10.4  19.1    18     3.4    10   142.3   0.0  42.4   7.0  57.9    18      NW

Max >=  35.0  0
Max <=  35.0 19
Min <=   5.0  4
Min <=   0.0  0
Max Rain: 11.6 on day 8
Days of Rain: 12 (>= 0.2 mm)  3 (>= 5.0 mm)  0 (>= 20.0 mm)
Heat Base: 18.3  Cool Base: 18.3  Method: Integration