NOAA style Climate Reports


Report for Dec 2018
                   Monthly Climatological Summary for Dec 2018

Name: Point Cook   City: Point Cook   State: Victoria
Elevation: 11 m  Lat: S 37 52 35   Lon: E 144 44 21

                  Temperature (°C), Rain (mm), Wind Speed (km/h)

                                      Heat  Cool        Avg
    Mean                              Deg   Deg         Wind                 Dom
Day Temp  High   Time   Low    Time   Days  Days  Rain  Speed High   Time    Dir
----------------------------------------------------------------------------------
01  22.4  33.2   15:05   9.4   05:46   2.3   6.5   0.0   8.7  43.5   22:33     N
02  16.7  21.8   13:54  12.4   04:13   2.0   0.4   6.6   7.8  49.9   16:44   WSW
03  17.4  23.8   13:39  11.7   01:17   2.1   1.2   0.0   9.5  49.9   16:05     W
04  16.9  21.6   15:51  12.7   06:38   2.0   0.7   0.2   7.5  29.0   14:55     S
05  19.2  25.0   15:19  15.3   04:30   1.0   1.9   0.0   6.9  25.7   15:34   SSE
06  26.2  37.7   15:17  12.3   06:04   1.4   9.3   0.0   6.5  35.4   12:58     N
07  32.2  40.4   15:02  24.2   23:59   0.0  13.9   0.0  14.5  46.7   09:20     N
08  23.2  28.3   15:04  16.9   23:35   0.1   5.0   0.0   6.5  35.4   17:03     S
09  18.2  22.2   14:43  16.2   03:49   0.8   0.7   0.0   5.8  20.9   16:13     S
10  18.0  22.4   14:49  14.4   06:41   1.3   1.0   0.0   7.6  32.2   16:08     S
11  19.2  24.9   15:04  14.6   06:46   1.1   2.0   0.0   7.0  30.6   16:56     S
12  24.7  35.7   16:10  14.7   05:26   0.8   7.2   0.6   6.9  37.0   19:36     N
13  18.5  20.9   00:59  16.2   12:41   0.5   0.7  26.0   5.5  32.2   10:10   SSW
14  18.8  24.9   14:42  15.6   05:49   0.7   1.2  36.6   3.2  24.1   16:32   SSW
15  21.5  26.6   12:47  18.0   00:07   0.0   3.2   3.2   4.6  41.8   14:07     N
----------------------------------------------------------------------------------
    20.9  40.4     7     9.4     1    16.1  54.9  73.2   7.2  49.9     2     WSW

Max >=  35.0  3
Max <=  35.0 12
Min <=   5.0  0
Min <=   0.0  0
Max Rain: 36.6 on day 14
Days of Rain: 6 (>= 0.2 mm)  3 (>= 5.0 mm)  2 (>= 20.0 mm)
Heat Base: 18.3  Cool Base: 18.3  Method: Integration