NOAA style Climate Reports

Select a Year or Month report
2018: Jan Feb Mar Apr May Jun Jul Aug Sep Oct Nov Dec
2017: Jan Feb Mar Apr May Jun Jul Aug Sep Oct Nov Dec
2016: Jan Feb Mar Apr May Jun Jul Aug Sep Oct Nov Dec

Report for 2018
                   Annual Climatological Summary for 2018

Name: Point Cook   City: Point Cook   State: Victoria
Elevation: 11 m  Lat: S 37 52 35   Lon: E 144 44 21

                  Temperature (°C), Heat Base: 18.3  Cool Base: 18.3
                          Dep.  Heat  Cool                       Max  Max  Min  Min
        Mean  Mean        From  Deg   Deg                        >=   <=   <=   <=
 YR MO  Max   Min   Mean  Norm  Days  Days  Hi  Date  Low  Date 35.0 35.0  5.0   0.0
------------------------------------------------------------------------------------
 18  1  28.1  16.4  21.8  -3.9    19   127  43.8   6  11.3   14    4   27    0    0
 18  2  28.0  16.2  21.5  -4.0    15   105  36.1   7  11.7   17    2   26    0    0
 18  3  25.8  13.9  19.4  -4.3    41    75  35.2  10   8.3   27    1   30    0    0
 18  4  21.2  12.3  16.6  -3.6    75    22  31.9   8   5.4   18    0   30    0    0
 18  5  17.7   9.7  13.6  -3.2   150     6  25.3   1   3.6   26    0   31    1    0
 18  6  14.4   5.8   9.9  -4.3   252     0  17.2   6   1.5   21    0   30   13    0
 18  7  15.1   7.4  10.8  -2.9   224     0  20.3  27   1.2    2    0   31    5    0
 18  8  16.5   7.3  11.6  -3.3    88     0  19.9  10   2.9    2    0   14    3    0
 18  9
 18 10
 18 11
 18 12
------------------------------------------------------------------------------------
        20.8  11.1  15.6  -3.7   863   335  43.8 Jan   1.2  Jul    7  219   22    0

                                Precipitation (mm)

              Dep.   Max        Days of Rain
              From   Obs.           >=
 YR MO Total  Norm   Day Date  0.2  5.0 20.0
---------------------------------------------
 18  1  66.8  27.9  24.8  29     7    4    1
 18  2   0.8 -46.3   0.8  23     1    0    0
 18  3  20.4 -14.8  14.4  24     5    2    0
 18  4   9.2 -36.2   9.2  16     1    1    0
 18  5  44.8  -1.5  21.6  11    15    2    1
 18  6  39.2   0.3  25.8  17    15    1    1
 18  7  19.2 -19.3   7.4  24    14    1    0
 18  8  12.6 -32.1   8.8  11     4    1    0
---------------------------------------------
       213.0-122.0  25.8  Jun   62   12    3

                                Wind Speed (km/h)
                          Dom
 YR MO   Avg.  Hi   Date  Dir
------------------------------
 18  1   7.5  49.9    6     S
 18  2   8.0  56.3   14     S
 18  3   7.3  57.9   18     S
 18  4   4.2  33.8    8     S
 18  5   6.2  57.9   11     W
 18  6   4.8  53.1   17    NW
 18  7   8.4  59.5   23   NNW
 18  8  10.2  54.7   10   NNW
 18  9
 18 10
 18 11
 18 12
------------------------------
         7.1  59.5  Jul   WSW