Report for Mar 2022
Monthly Climatological Summary for Mar 2022
Name: Point Cook City: Point Cook State: Victoria
Elevation: 11 m Lat: S 37 52 35 Lon: E 144 44 21
Temperature (°C), Rain (mm), Wind Speed (km/h)
Heat Cool Avg
Mean Deg Deg Wind Dom
Day Temp High Time Low Time Days Days Rain Speed High Time Dir
----------------------------------------------------------------------------------
01 21.7 26.2 16:19 19.6 06:08 0.0 3.4 2.0 3.0 19.3 18:14 SSE
02 23.6 29.3 15:57 20.0 06:42 0.0 5.3 2.8 2.7 24.1 17:41 SSE
03 23.6 31.0 16:36 17.1 06:51 0.1 5.4 0.0 3.0 27.4 19:06 SSE
04 23.9 33.7 14:19 16.7 07:17 0.2 5.7 3.6 2.7 33.8 18:00 WNW
05 19.5 22.7 17:03 16.8 06:59 0.3 1.4 21.4 7.9 37.0 12:53 SW
06 18.0 21.1 14:51 16.7 07:01 0.6 0.4 1.0 14.9 43.5 15:19 S
07 19.3 23.8 14:23 16.6 06:47 0.5 1.5 0.0 11.8 46.7 00:40 S
08 18.3 20.1 16:09 16.3 03:01 0.4 0.4 0.2 15.3 45.1 14:18 S
09 18.1 22.2 14:38 15.7 07:22 1.0 0.8 0.0 15.4 45.1 10:43 SSE
10 17.5 21.4 15:15 12.6 07:20 1.4 0.7 0.0 8.8 38.6 18:53 S
11 17.3 21.5 13:44 14.4 23:18 1.5 0.5 0.0 5.7 29.0 17:12 S
12 17.5 22.2 15:20 12.8 05:46 1.8 0.9 0.0 5.3 29.0 17:21 S
13 21.8 32.0 16:21 13.3 07:11 1.5 5.0 0.4 5.6 35.4 21:10 NNE
14 21.4 26.9 15:05 16.4 06:02 0.2 3.3 0.0 3.9 35.4 17:40 SSE
15 21.2 26.3 10:55 18.4 05:56 0.0 2.9 0.6 2.6 29.0 10:16 NNW
16 20.8 25.2 12:57 18.7 23:29 0.0 2.5 0.0 7.7 35.4 12:01 NNE
17 22.7 31.0 15:34 17.9 05:43 0.0 4.4 0.0 4.4 25.7 14:23 ENE
18 19.3 21.8 12:48 16.7 21:50 0.2 1.2 0.0 9.0 35.4 15:49 SSW
19 21.6 29.7 16:02 15.9 07:39 0.5 3.7 0.0 5.6 37.0 01:31 SE
20 19.3 26.6 14:21 14.0 07:07 0.8 1.9 0.0 2.3 30.6 15:54 SSW
21 21.0 28.6 16:08 17.7 00:23 0.2 2.9 0.0 2.1 30.6 18:59 S
22 18.6 21.6 10:42 15.3 23:55 0.4 0.7 1.2 1.8 25.7 20:01 S
23 16.2 21.2 14:28 11.4 07:33 2.4 0.3 0.0 3.7 30.6 15:52 SW
24 16.1 21.2 14:49 11.4 05:59 2.6 0.5 0.0 2.0 25.7 14:20 SSW
25 17.1 21.3 16:30 13.8 04:47 1.7 0.5 0.4 3.1 24.1 13:47 S
26 17.5 23.1 15:30 11.1 07:45 1.8 0.9 0.0 2.1 20.9 18:25 SSE
27 20.8 31.5 15:37 11.7 05:51 1.9 4.4 0.0 2.4 25.7 10:11 N
28 19.4 26.1 13:43 15.6 07:47 0.7 1.7 0.0 4.4 32.2 16:30 SSW
29 18.2 20.3 16:42 16.6 23:40 0.5 0.3 0.0 5.9 29.0 15:55 S
30 17.6 21.3 14:45 15.6 06:21 1.2 0.5 0.0 8.7 38.6 20:35 SSW
31 17.3 20.6 13:04 15.2 04:35 1.4 0.4 0.0 13.7 41.8 16:12 S
----------------------------------------------------------------------------------
19.6 33.7 4 11.1 26 25.8 64.4 33.6 6.1 46.7 7 S
Max >= 35.0 0
Max <= 35.0 31
Min <= 5.0 0
Min <= 0.0 0
Max Rain: 21.4 on day 5
Days of Rain: 10 (>= 0.2 mm) 1 (>= 5.0 mm) 1 (>= 20.0 mm)
Heat Base: 18.3 Cool Base: 18.3 Method: Integration