Report for Mar 2019
Monthly Climatological Summary for Mar 2019
Name: Point Cook City: Point Cook State: Victoria
Elevation: 11 m Lat: S 37 52 35 Lon: E 144 44 21
Temperature (°C), Rain (mm), Wind Speed (km/h)
Heat Cool Avg
Mean Deg Deg Wind Dom
Day Temp High Time Low Time Days Days Rain Speed High Time Dir
----------------------------------------------------------------------------------
01 31.3 39.5 14:35 26.1 02:16 0.0 13.0 0.0 6.6 35.4 18:57 NNE
02 30.2 37.9 17:07 21.8 04:38 0.0 11.9 0.0 7.6 37.0 14:38 N
03 29.2 39.2 13:50 20.4 23:52 0.0 10.9 0.0 8.7 35.4 09:30 NNW
04 21.6 27.5 14:38 18.4 06:06 0.0 3.3 0.0 5.6 30.6 17:45 S
05 20.3 25.2 13:29 17.7 04:24 0.1 2.1 0.0 4.4 30.6 18:50 S
06 14.9 19.1 00:01 11.2 23:52 3.4 0.0 2.4 8.8 43.5 15:11 SW
07 15.2 22.4 15:09 8.1 05:42 4.0 0.9 0.0 4.4 27.4 18:15 SE
08 19.3 28.2 14:20 11.2 04:16 1.9 2.9 0.0 5.4 30.6 17:24 SSE
09 20.3 25.8 15:03 14.5 06:46 0.5 2.5 0.0 4.8 30.6 17:27 S
10 18.2 23.7 11:41 13.1 06:42 1.4 1.2 0.4 4.3 35.4 14:50 WSW
11 19.1 23.1 14:57 15.8 06:42 0.4 1.1 0.0 4.4 32.2 13:42 SSW
12 16.3 20.5 15:30 12.3 23:58 2.2 0.2 0.0 7.1 35.4 12:32 SW
13 14.1 19.6 14:48 9.1 05:08 4.2 0.0 0.0 4.6 27.4 14:48 S
14 16.7 22.6 15:17 10.7 07:16 2.6 0.9 0.0 5.6 30.6 18:52 S
15 17.5 22.8 16:12 12.6 06:13 1.7 1.0 0.0 7.1 33.8 17:16 S
16 19.9 27.5 16:30 11.9 07:06 1.3 2.9 0.0 5.6 24.1 21:40 SSE
17 20.1 25.8 12:41 15.2 06:32 0.8 2.6 0.0 4.2 25.7 15:04 S
18 21.1 27.1 15:34 16.0 02:26 0.3 3.1 0.0 9.5 38.6 21:35 SSE
19 20.5 24.2 14:15 19.3 23:14 0.0 2.2 0.0 9.6 30.6 14:14 SSE
20 20.7 23.8 15:21 19.2 00:54 0.0 2.4 0.0 5.7 25.7 16:43 SSW
21 21.5 26.3 14:33 19.4 23:32 0.0 3.2 0.0 5.2 24.1 17:25 SSW
22 22.4 27.9 16:04 18.6 03:30 0.0 4.1 0.0 3.3 24.1 15:38 S
23 23.1 33.6 16:10 19.1 04:08 0.0 4.8 1.8 7.3 38.6 07:21 N
24 23.2 31.5 15:04 15.7 07:53 0.3 5.1 0.0 8.2 54.7 16:27 NNW
25 17.0 23.3 00:26 11.3 23:43 1.7 0.4 1.0 11.6 49.9 14:42 WNW
26 15.6 21.9 15:04 11.5 00:00 3.2 0.5 0.0 7.9 35.4 10:49 WSW
27 15.4 22.2 16:08 8.9 06:51 3.7 0.8 0.0 3.4 24.1 13:25 SE
28 19.8 29.9 16:41 10.2 07:30 2.5 4.1 0.0 3.4 27.4 17:35 NNW
29 20.0 29.8 16:19 11.2 23:59 1.3 3.0 0.2 9.3 49.9 17:03 NW
30 11.6 17.8 15:53 9.1 07:28 6.7 0.0 1.8 8.6 46.7 13:54 WSW
31 14.6 20.5 14:15 10.1 00:01 3.8 0.1 0.0 6.6 32.2 13:01 WSW
----------------------------------------------------------------------------------
19.7 39.5 1 8.1 7 48.0 91.2 7.6 6.4 54.7 24 SW
Max >= 35.0 3
Max <= 35.0 28
Min <= 5.0 0
Min <= 0.0 0
Max Rain: 2.4 on day 6
Days of Rain: 6 (>= 0.2 mm) 0 (>= 5.0 mm) 0 (>= 20.0 mm)
Heat Base: 18.3 Cool Base: 18.3 Method: Integration