NOAA style Climate Reports

Select a Year or Month report
2018: Jan Feb Mar Apr May Jun Jul Aug Sep Oct Nov Dec
2017: Jan Feb Mar Apr May Jun Jul Aug Sep Oct Nov Dec
2016: Jan Feb Mar Apr May Jun Jul Aug Sep Oct Nov Dec

Report for Feb 2018
                   Monthly Climatological Summary for Feb 2018

Name: Point Cook   City: Point Cook   State: Victoria
Elevation: 11 m  Lat: S 37 52 35   Lon: E 144 44 21

                  Temperature (°C), Rain (mm), Wind Speed (km/h)

                                      Heat  Cool        Avg
    Mean                              Deg   Deg         Wind                 Dom
Day Temp  High   Time   Low    Time   Days  Days  Rain  Speed High   Time    Dir
----------------------------------------------------------------------------------
01  18.0  22.9   14:37  14.3   03:18   1.3   1.0   0.0  11.7  40.2   16:18   SSE
02  19.8  24.1   15:05  16.7   00:04   0.3   1.8   0.0   9.1  38.6   18:13     S
03  22.1  28.5   15:20  17.7   06:13   0.1   3.9   0.0  12.1  41.8   18:58    SE
04  21.3  28.0   16:17  16.3   06:19   0.3   3.3   0.0   7.3  32.2   18:32   SSE
05  21.0  26.9   14:29  16.6   02:36   0.2   2.9   0.0   5.0  33.8   17:29     S
06  23.4  30.8   17:01  16.7   05:20   0.2   5.3   0.0   5.5  27.4   18:08     S
07  25.9  36.1   12:42  17.8   07:09   0.0   7.6   0.0   5.5  29.0   18:08   SSE
08  23.1  29.1   13:45  20.2   04:53   0.0   4.8   0.0   5.3  27.4   19:03     S
09  22.3  26.3   17:18  20.1   23:49   0.0   4.0   0.0   5.4  24.1   19:00     S
10  23.5  32.8   17:01  16.9   05:59   0.2   5.3   0.0   6.0  51.5   15:19   WNW
11  18.2  22.4   14:24  13.6   06:59   1.0   0.9   0.0   7.8  33.8   14:15   SSW
12  19.4  24.3   14:17  15.8   05:40   0.7   1.8   0.0   7.2  27.4   10:46     S
13  21.6  28.4   17:30  14.7   07:11   0.7   4.0   0.0   4.4  24.1   13:47    SE
14  20.8  24.5   06:42  15.3   23:56   0.3   2.7   0.0  10.5  56.3   10:06     W
15  18.9  24.6   18:02  12.6   05:19   1.7   2.3   0.0   6.5  32.2   17:50     W
16  18.5  23.9   14:16  14.8   07:14   1.0   1.2   0.0   6.7  33.8   09:48   SSW
17  18.7  27.4   15:04  11.7   06:38   1.8   2.1   0.0   5.3  37.0   18:20   SSE
18  19.0  25.7   13:57  13.1   06:04   1.2   1.9   0.0   5.4  33.8   16:53     S
19  20.6  25.7   15:00  17.6   23:57   0.0   2.4   0.0  16.7  54.7   18:53    SE
20  21.0  28.9   15:23  14.9   07:12   0.7   3.5   0.0   9.7  43.5   00:12    SE
----------------------------------------------------------------------------------
    20.9  36.1     7    11.7    17    11.7  62.7   0.0   7.7  56.3    14       S

Max >=  35.0  1
Max <=  35.0 19
Min <=   5.0  0
Min <=   0.0  0
Max Rain: 0.0 on day 0
Days of Rain: 0 (>= 0.2 mm)  0 (>= 5.0 mm)  0 (>= 20.0 mm)
Heat Base: 18.3  Cool Base: 18.3  Method: Integration