NOAA style Climate Reports

Select a Year or Month report
2018: Jan Feb Mar Apr May Jun Jul Aug Sep Oct Nov Dec
2017: Jan Feb Mar Apr May Jun Jul Aug Sep Oct Nov Dec
2016: Jan Feb Mar Apr May Jun Jul Aug Sep Oct Nov Dec

Report for Jan 2018
                   Monthly Climatological Summary for Jan 2018

Name: Point Cook   City: Point Cook   State: Victoria
Elevation: 11 m  Lat: S 37 52 35   Lon: E 144 44 21

                  Temperature (°C), Rain (mm), Wind Speed (km/h)

                                      Heat  Cool        Avg
    Mean                              Deg   Deg         Wind                 Dom
Day Temp  High   Time   Low    Time   Days  Days  Rain  Speed High   Time    Dir
----------------------------------------------------------------------------------
01  20.3  26.3   15:42  16.8   06:01   0.3   2.3   0.0   7.3  35.4   18:32     S
02  19.3  24.6   13:35  16.7   06:19   0.4   1.4   0.0   8.4  33.8   17:51     S
03  17.9  22.5   13:59  13.7   04:10   1.4   1.1   0.0   8.7  32.2   13:48     S
04  19.2  24.4   13:34  13.6   06:27   1.0   1.9   0.0   5.7  32.2   17:58     S
05  21.2  28.3   15:31  14.1   04:25   1.0   3.9   0.0   4.5  25.7   16:07    SE
06  28.9  43.8   15:58  17.9   04:33   0.0  10.7   0.0   8.8  49.9   18:13    NW
07  19.8  22.6   16:07  17.7   06:59   0.0   1.6   0.0   7.1  27.4   00:33     S
08  19.8  23.9   15:52  17.8   23:07   0.1   1.6   0.0   7.5  30.6   16:27     S
09  18.8  22.6   12:28  14.6   06:33   0.7   1.2   0.0   9.7  48.3   15:46     S
10  20.7  26.4   15:42  15.7   06:03   0.6   3.0   0.0   7.3  29.0   10:52   SSE
11  24.1  33.9   16:19  14.1   06:24   0.8   6.6   0.0   4.8  25.7   18:08    SE
12  23.5  28.4   05:35  17.1   23:51   0.0   5.3   2.8   5.7  43.5   16:15   NNW
13  16.1  22.4   12:05  12.1   22:28   2.5   0.3  18.4   6.2  37.0   18:39   WSW
14  16.0  20.8   13:50  11.3   05:23   2.7   0.4   0.4   9.8  38.6   15:57   SSW
15  18.0  21.9   16:09  14.9   06:27   1.1   0.8   0.0   9.2  37.0   16:47   SSW
16  20.1  26.4   15:43  13.4   03:57   1.0   2.9   0.0   9.0  37.0   16:42   SSE
17  21.5  29.8   16:07  12.3   06:05   1.1   4.3   0.0   5.5  25.7   00:02   SSE
18  29.7  42.4   16:48  14.7   06:44   0.6  12.0   0.0   5.1  27.4   12:14   NNW
19  29.1  43.4   13:48  20.5   06:18   0.0  10.8   0.0   8.9  41.8   10:25   WSW
20  22.2  25.9   14:44  19.8   04:29   0.0   3.9   0.0   6.3  30.6   15:40   SSW
21  24.5  29.4   12:38  20.7   01:23   0.0   6.2   0.0   5.9  33.8   06:51     S
22  21.6  26.2   14:54  18.7   21:56   0.0   3.3   0.0   7.4  40.2   16:36     S
23  20.6  25.3   14:35  17.7   05:58   0.0   2.4   0.0   7.5  30.6   15:39     S
24  20.2  25.6   14:36  15.1   03:24   0.5   2.5   0.0   6.1  35.4   17:12   SSE
25  22.3  28.7   15:20  18.9   02:16   0.0   4.0   8.6   7.1  35.4   16:30     S
26  22.5  28.0   14:05  19.8   01:34   0.0   4.2   2.2   4.8  33.8   16:08     S
27  25.3  32.4   16:21  20.7   01:42   0.0   7.0   0.0   5.3  25.7   17:28   SSE
28  30.6  39.1   15:09  21.7   04:29   0.0  12.3   0.0   7.3  35.4   13:11   NNE
29  26.7  34.2   12:01  18.7   23:49   0.0   8.4  24.8  11.1  43.5   02:18   NNW
30  17.7  20.9   13:51  15.4   05:24   0.9   0.3   9.6  12.7  43.5   12:39   SSW
31  16.6  20.3   14:27  13.3   06:19   1.9   0.1   0.0  12.4  46.7   12:11     S
----------------------------------------------------------------------------------
    21.8  43.8     6    11.3    14    18.6 126.7  66.8   7.5  49.9     6       S

Max >=  35.0  4
Max <=  35.0 27
Min <=   5.0  0
Min <=   0.0  0
Max Rain: 24.8 on day 29
Days of Rain: 7 (>= 0.2 mm)  4 (>= 5.0 mm)  1 (>= 20.0 mm)
Heat Base: 18.3  Cool Base: 18.3  Method: Integration