NOAA style Climate Reports

Select a Year or Month report
2018: Jan Feb Mar Apr May Jun Jul Aug Sep Oct Nov Dec
2017: Jan Feb Mar Apr May Jun Jul Aug Sep Oct Nov Dec
2016: Jan Feb Mar Apr May Jun Jul Aug Sep Oct Nov Dec

Report for Dec 2017
                   Monthly Climatological Summary for Dec 2017

Name: Point Cook   City: Point Cook   State: Victoria
Elevation: 11 m  Lat: S 37 52 35   Lon: E 144 44 21

                  Temperature (°C), Rain (mm), Wind Speed (km/h)

                                      Heat  Cool        Avg
    Mean                              Deg   Deg         Wind                 Dom
Day Temp  High   Time   Low    Time   Days  Days  Rain  Speed High   Time    Dir
----------------------------------------------------------------------------------
01  20.4  23.3   12:28  15.5   23:44   0.3   2.4  19.0   6.4  30.6   19:06    SW
02  15.0  16.3   11:28  12.8   23:56   3.3   0.0  27.6  12.2  45.1   21:19    SW
03  13.9  17.6   16:46  11.1   04:54   4.4   0.0   6.0  11.2  40.2   13:02    SW
04  15.0  18.9   16:50  12.1   02:33   3.3   0.0   1.4   9.0  33.8   14:35   SSW
05  17.0  22.4   16:09  10.7   05:45   2.4   1.1   0.0  11.1  43.5   18:06    SE
06  18.2  23.7   15:43  13.9   23:51   1.3   1.2   0.0  10.3  33.8   01:55   SSE
07  16.2  23.9   15:03  10.9   05:35   3.1   1.1  10.0   4.5  30.6   16:24   SSW
08  15.1  20.3   15:28   9.9   06:17   3.3   0.1   0.2   5.9  25.7   12:13   SSW
09  18.3  25.8   15:31  12.5   00:44   1.5   1.4   0.0   6.9  37.0   16:37   WSW
10  18.1  23.7   15:09  12.4   05:49   1.5   1.3   0.0   6.3  29.0   18:10     S
11  18.1  23.2   14:54  15.4   03:22   1.1   0.9   0.0   7.0  37.0   17:46     S
12  20.0  25.9   14:57  15.9   05:40   0.6   2.3   0.0   5.7  27.4   18:19   SSE
13  28.0  39.7   15:59  14.1   05:13   0.9  10.6   0.0   6.7  40.2   14:16   NNW
14  22.0  26.2   00:00  16.8   23:57   0.1   3.8   0.0   8.1  40.2   16:09     S
15  19.6  26.0   15:57  14.1   05:11   1.0   2.3   0.0   5.9  35.4   18:32   SSE
16  19.3  25.4   12:49  13.1   05:58   1.2   2.3   0.0   6.4  33.8   19:16   SSE
17  20.6  25.5   15:53  16.8   03:45   0.3   2.6   0.0   8.5  33.8   13:54     S
18  23.6  33.5   14:35  15.8   06:08   0.5   5.8   0.0   3.3  19.3   14:46    SE
19  26.8  39.9   14:54  17.2   23:32   0.1   8.6   1.2   7.9  56.3   16:14     N
20  19.6  25.9   13:41  15.1   23:59   0.8   2.0   0.0   6.8  37.0   12:37    SW
21  18.2  24.3   14:48  11.5   04:39   1.8   1.7   0.0   6.6  35.4   18:47     S
22  20.3  26.3   15:34  16.4   05:15   0.4   2.4   0.0   5.4  29.0   17:49   SSE
23  19.9  29.2   15:34  13.4   06:00   1.3   2.8   0.0   4.4  27.4   16:47   SSE
24  17.9  21.3   14:00  14.8   06:22   1.0   0.6   0.6  11.7  41.8   14:45     S
25  18.4  22.7   13:59  15.7   01:04   0.9   1.0   0.0  12.1  45.1   15:01   SSE
26  21.8  28.7   16:21  15.7   04:11   0.7   4.2   0.0   7.5  37.0   19:53    SE
27  28.2  37.6   16:19  16.9   03:59   0.1   9.9   0.0  10.0  43.5   08:03     N
28  24.8  34.5   12:37  18.9   23:59   0.0   6.5   0.6   6.0  32.2   16:07     S
29  20.1  25.3   11:50  17.8   23:59   0.0   1.8   6.6   4.4  25.7   12:53     S
30  18.4  23.4   14:20  14.3   06:02   1.1   1.2   0.0   7.9  43.5   12:15   WSW
31  18.1  27.1   15:32  10.8   06:11   2.1   1.9   0.0   5.3  35.4   18:22   SSE
----------------------------------------------------------------------------------
    19.7  39.9    19     9.9     8    40.4  83.8  73.2   7.5  56.3    19       S

Max >=  35.0  3
Max <=  35.0 28
Min <=   5.0  0
Min <=   0.0  0
Max Rain: 27.6 on day 2
Days of Rain: 10 (>= 0.2 mm)  5 (>= 5.0 mm)  1 (>= 20.0 mm)
Heat Base: 18.3  Cool Base: 18.3  Method: Integration