NOAA style Climate Reports

Select a Year or Month report
2018: Jan Feb Mar Apr May Jun Jul Aug Sep Oct Nov Dec
2017: Jan Feb Mar Apr May Jun Jul Aug Sep Oct Nov Dec
2016: Jan Feb Mar Apr May Jun Jul Aug Sep Oct Nov Dec

Report for Nov 2017
                   Monthly Climatological Summary for Nov 2017

Name: Point Cook   City: Point Cook   State: Victoria
Elevation: 11 m  Lat: S 37 52 35   Lon: E 144 44 21

                  Temperature (°C), Rain (mm), Wind Speed (km/h)

                                      Heat  Cool        Avg
    Mean                              Deg   Deg         Wind                 Dom
Day Temp  High   Time   Low    Time   Days  Days  Rain  Speed High   Time    Dir
----------------------------------------------------------------------------------
01  14.7  18.4   12:22  12.8   04:32   3.6   0.0   0.0   6.6  25.7   17:42   SSW
02  13.3  16.3   15:38  11.2   07:01   5.0   0.0   1.0   5.3  22.5   05:17     S
03  12.2  18.1   14:28   8.3   23:24   6.1   0.0   0.2   8.2  41.8   16:14    SW
04  11.6  17.1   13:33   5.6   04:57   6.7   0.0   0.0   7.0  33.8   12:26     S
05  12.6  17.9   13:14   7.6   05:08   5.7   0.0   0.0   6.9  32.2   15:15   SSE
06  13.7  17.8   13:16  10.1   06:54   4.6   0.0   0.0  11.0  48.3   14:23   SSW
07  12.8  16.7   12:57   9.8   07:16   5.5   0.0   1.4   9.8  38.6   14:54   SSW
08  14.5  19.3   14:57  12.2   03:06   3.8   0.0   0.0   6.7  24.1   14:40     S
09  15.2  21.8   15:08   8.6   06:17   3.6   0.5   0.0   5.1  29.0   16:21     S
10  17.1  24.4   17:08  10.7   03:16   2.7   1.5   0.0   4.2  25.7   16:54     S
11  19.6  26.6   15:59  14.0   05:36   1.3   2.6   0.0   5.0  27.4   16:45     S
12  19.2  26.6   16:47  13.3   05:19   1.4   2.2   0.0   5.2  25.7   18:41     S
13  21.6  31.6   16:54  12.3   06:08   1.6   4.9   0.0   5.7  30.6   15:27    SE
14  26.4  36.4   14:52  16.4   04:42   0.2   8.3   0.0   5.9  33.8   10:12     N
15  24.5  31.6   13:36  18.2   23:48   0.0   6.2   1.8   9.2  45.1   10:38     N
16  18.6  22.1   15:38  16.2   23:56   0.3   0.6   7.2   4.0  24.1   14:41   ESE
17  19.7  26.9   13:57  15.7   01:24   0.7   2.1  10.6   4.7  38.6   17:20   ESE
18  20.9  29.6   15:09  14.7   06:20   0.9   3.4   0.6   5.2  37.0   17:27   ESE
19  21.9  30.9   13:28  14.2   06:00   0.8   4.5   0.0   6.4  37.0   15:36   ESE
20  24.0  32.8   14:19  15.6   06:14   0.4   6.1   0.0   6.9  33.8   20:16   ESE
21  25.6  34.6   13:50  16.1   05:53   0.2   7.5   0.0   5.5  29.0   19:09   ENE
22  25.7  34.8   13:53  16.9   05:58   0.1   7.5   0.0   5.9  30.6   15:09    SE
23  23.4  33.4   16:52  15.8   04:13   0.5   5.6   0.4   4.2  37.0   15:32    SW
24  23.8  31.3   16:25  18.1   05:14   0.0   5.5   0.0   4.4  32.2   18:57     S
25  25.4  33.8   16:19  19.3   06:34   0.0   7.1   0.0   6.5  38.6   17:10   NNE
26  21.4  27.8   15:44  18.4   23:45   0.0   3.1   8.6   6.1  33.8   19:21   SSE
27  18.6  22.6   14:59  15.4   23:55   0.5   0.8   0.0   9.2  35.4   17:11     S
28  21.8  29.5   17:53  14.3   00:42   1.0   4.5   0.0   4.9  27.4   18:25    SE
29  27.6  37.6   14:57  17.3   05:39   0.1   9.4   0.0   6.0  30.6   18:37   ENE
30  27.3  36.3   13:49  22.1   23:29   0.0   9.0   0.0   7.9  35.4   08:11     N
----------------------------------------------------------------------------------
    19.8  37.6    29     5.6     4    57.3 102.9  31.8   6.3  48.3     6     SSE

Max >=  35.0  3
Max <=  35.0 27
Min <=   5.0  0
Min <=   0.0  0
Max Rain: 10.6 on day 17
Days of Rain: 9 (>= 0.2 mm)  3 (>= 5.0 mm)  0 (>= 20.0 mm)
Heat Base: 18.3  Cool Base: 18.3  Method: Integration