NOAA style Climate Reports

Select a Year or Month report
2018: Jan Feb Mar Apr May Jun Jul Aug Sep Oct Nov Dec
2017: Jan Feb Mar Apr May Jun Jul Aug Sep Oct Nov Dec
2016: Jan Feb Mar Apr May Jun Jul Aug Sep Oct Nov Dec

Report for Aug 2017
                   Monthly Climatological Summary for Aug 2017

Name: Point Cook   City: Point Cook   State: Victoria
Elevation: 11 m  Lat: S 37 52 35   Lon: E 144 44 21

                  Temperature (°C), Rain (mm), Wind Speed (km/h)

                                      Heat  Cool        Avg
    Mean                              Deg   Deg         Wind                 Dom
Day Temp  High   Time   Low    Time   Days  Days  Rain  Speed High   Time    Dir
----------------------------------------------------------------------------------
01   8.1  14.6   14:05   1.9   07:02  10.2   0.0   0.0   1.9  16.1   13:40    SE
02   6.2  11.6   16:13   2.6   05:01  12.1   0.0   0.2   1.5  16.1   12:06   SSE
03   5.4   8.8   15:33   1.5   05:19  12.9   0.0   0.8   0.3   9.7   15:40   SSW
04   9.0  12.7   14:06   5.8   07:42   9.3   0.0   1.8   6.9  37.0   21:56     N
05  11.2  14.3   13:51   8.3   07:40   7.1   0.0   0.6  13.4  45.1   12:07   NNW
06  10.2  12.7   15:28   7.8   12:21   8.1   0.0   2.6   9.6  37.0   13:59   NNW
07   8.9  12.8   15:33   5.8   22:47   9.4   0.0   1.8   7.0  35.4   11:47     W
08  10.6  15.2   11:53   6.1   04:20   7.7   0.0   0.0   4.8  24.1   12:06   WNW
09  12.6  18.2   12:42   7.0   07:42   5.7   0.0   0.0   7.3  40.2   23:35     N
10  14.6  18.8   15:32  11.8   07:44   3.7   0.0   0.0  16.5  59.5   01:49     N
11  12.8  16.4   11:52   8.7   07:54   5.5   0.0   0.0   9.1  37.0   12:24    NW
12  13.5  18.4   15:36  10.5   06:29   4.8   0.0   2.0   8.1  41.8   13:50   WNW
13  13.8  19.9   14:29   7.6   07:14   4.6   0.1   0.2   6.4  32.2   15:56   NNW
14  15.2  21.7   14:52   9.6   23:59   3.5   0.4   0.0   6.1  33.8   15:28   NNE
15  14.2  17.9   15:52   8.8   02:15   4.1   0.0   0.6   9.1  38.6   09:57   NNW
16  13.7  17.8   14:20  11.4   07:28   4.6   0.0   0.0  13.3  53.1   11:29   WNW
17  11.2  16.7   13:16   7.5   23:52   7.1   0.0   1.4   9.9  51.5   18:39    NW
18   8.8  12.9   11:49   6.9   23:58   9.5   0.0   6.0   9.5  48.3   09:42     W
19   8.0  12.2   15:21   4.7   07:40  10.3   0.0   3.0   4.4  33.8   10:23    SW
20   7.9  13.8   13:15   2.9   05:55  10.4   0.0   0.0   2.1  20.9   14:56   ESE
21   9.2  13.1   15:53   7.2   01:50   9.1   0.0   1.2   5.0  29.0   07:05   NNE
22  10.8  16.7   15:52   4.2   07:37   7.5   0.0   0.0   2.4  22.5   12:21   WSW
23  10.8  18.5   13:28   6.5   23:28   7.5   0.0   6.0   6.1  38.6   15:28    NW
24   8.9  13.7   11:47   3.8   05:14   9.4   0.0   0.2   4.4  27.4   14:29   WSW
25   9.8  15.1   13:09   3.2   07:14   8.5   0.0   0.0   2.7  16.1   13:37   WNW
26  12.4  15.9   12:51  10.1   05:59   5.9   0.0   0.0   5.9  27.4   10:16    NW
27   8.1  11.0   11:13   6.0   00:00   6.2   0.0   6.4   9.1  43.5   09:27     S
28   8.0  12.3   14:28   4.6   06:54  10.3   0.0   1.0   2.8  20.9   11:05    SW
29   9.6  14.0   14:25   3.8   07:26   8.7   0.0   0.0   2.5  20.9   11:52     W
30   9.3  14.2   14:24   5.3   05:51   9.0   0.0   0.4   5.6  37.0   13:21   SSW
31   8.7  14.9   15:43   2.4   07:08   9.6   0.0   0.0   4.3  27.4   16:14    SE
----------------------------------------------------------------------------------
    10.4  21.7    14     1.5     3   242.3   0.5  36.2   6.4  59.5    10      NW

Max >=  35.0  0
Max <=  35.0 31
Min <=   5.0 11
Min <=   0.0  0
Max Rain: 6.4 on day 27
Days of Rain: 18 (>= 0.2 mm)  3 (>= 5.0 mm)  0 (>= 20.0 mm)
Heat Base: 18.3  Cool Base: 18.3  Method: Integration