NOAA style Climate Reports

Select a Year or Month report
2018: Jan Feb Mar Apr May Jun Jul Aug Sep Oct Nov Dec
2017: Jan Feb Mar Apr May Jun Jul Aug Sep Oct Nov Dec
2016: Jan Feb Mar Apr May Jun Jul Aug Sep Oct Nov Dec

Report for Jul 2017
                   Monthly Climatological Summary for Jul 2017

Name: Point Cook   City: Point Cook   State: Victoria
Elevation: 11 m  Lat: S 37 52 35   Lon: E 144 44 21

                  Temperature (°C), Rain (mm), Wind Speed (km/h)

                                      Heat  Cool        Avg
    Mean                              Deg   Deg         Wind                 Dom
Day Temp  High   Time   Low    Time   Days  Days  Rain  Speed High   Time    Dir
----------------------------------------------------------------------------------
01   6.1  13.7   14:35  -0.1   08:18  12.2   0.0   0.2   3.4  25.7   18:19   NNE
02   7.1  13.7   13:39  -0.1   07:02  11.2   0.0   0.0   5.7  33.8   13:41   NNE
03   9.1  13.2   12:51   3.7   00:41   9.2   0.0   2.0   5.9  35.4   13:02   NNE
04  12.4  16.1   13:00   9.4   06:16   5.9   0.0   0.2   6.7  25.7   03:33   NNW
05  11.0  15.7   12:47   6.7   23:58   7.3   0.0   0.0   3.8  27.4   12:59     W
06   9.0  15.4   13:29   4.1   04:59   9.3   0.0   0.0   5.4  27.4   22:28   NNW
07  10.2  14.3   14:05   6.3   23:55   8.1   0.0   0.2   5.5  27.4   02:36   NNW
08   8.8  14.0   14:48   4.3   06:30   9.5   0.0   0.0   5.0  25.7   15:07   NNW
09   9.6  14.9   14:08   5.8   06:44   8.7   0.0   0.2   7.1  35.4   12:26    NW
10  10.0  16.4   13:31   4.6   06:23   8.3   0.0   0.6   4.3  25.7   13:46    NW
11   8.7  13.8   15:20   4.6   23:56   9.6   0.0   0.0   1.0  12.9   12:47   SSE
12   7.4  15.1   13:40   1.3   07:32  10.9   0.0   0.0   3.3  25.7   16:10   NNE
13  10.8  13.6   11:49   7.4   05:20   7.5   0.0   0.0  11.7  41.8   20:03   NNE
14  11.0  15.8   13:41   6.9   23:55   7.3   0.0   1.0   8.7  37.0   01:43    NW
15   7.7  13.2   14:13   3.5   06:59  10.6   0.0   0.2   3.4  22.5   12:44     W
16   7.5  12.6   13:49   2.1   03:25  10.8   0.0   0.0   9.4  41.8   15:37   NNE
17  11.0  14.6   14:55   8.6   08:11   7.3   0.0   0.2  14.5  48.3   20:08     N
18  10.7  14.8   14:11   6.7   23:13   7.6   0.0   0.2   6.5  30.6   15:14   NNW
19   9.9  12.2   13:01   7.1   23:12   8.4   0.0   2.8   8.0  48.3   12:59    SW
20   8.2  10.9   11:04   5.3   23:58  10.1   0.0   1.4   6.8  40.2   13:43   WSW
21   7.5  13.6   14:39   1.7   08:14  10.8   0.0   1.8   2.4  16.1   15:24    NE
22   9.1  13.1   15:48   5.2   03:20   9.2   0.0   0.8  12.6  45.1   16:04     N
23  10.3  15.4   13:28   7.7   07:52   8.0   0.0   1.4   7.8  38.6   03:24     N
24  10.0  15.8   16:07   4.8   08:17   8.3   0.0   1.6   4.0  24.1   13:34    NW
25  12.7  18.7   15:38   8.8   02:35   5.6   0.0   0.8   9.7  38.6   11:23   NNW
26  11.2  15.4   12:36   6.2   23:58   7.1   0.0   0.6   6.0  33.8   12:23     W
27   9.0  14.0   12:20   2.8   06:20   9.3   0.0   0.6   6.9  33.8   12:50   NNE
28  10.5  15.2   13:36   6.7   06:54   7.8   0.0   1.4   3.5  27.4   12:14   WNW
29  13.4  17.2   21:32   9.3   02:44   4.9   0.0   0.6  18.1  74.0   12:45     N
30  12.8  18.2   13:58   6.8   23:03   5.5   0.0   0.0   5.8  43.5   11:42   WNW
31   8.6  14.8   14:02   3.9   07:34   9.7   0.0   0.0   1.6  19.3   14:51   SSE
----------------------------------------------------------------------------------
     9.7  18.7    25    -0.1     1   266.0   0.0  18.8   6.6  74.0    29     NNW

Max >=  35.0  0
Max <=  35.0 31
Min <=   5.0 14
Min <=   0.0  2
Max Rain: 2.8 on day 19
Days of Rain: 21 (>= 0.2 mm)  0 (>= 5.0 mm)  0 (>= 20.0 mm)
Heat Base: 18.3  Cool Base: 18.3  Method: Integration