NOAA style Climate Reports

Select a Year or Month report
2018: Jan Feb Mar Apr May Jun Jul Aug Sep Oct Nov Dec
2017: Jan Feb Mar Apr May Jun Jul Aug Sep Oct Nov Dec
2016: Jan Feb Mar Apr May Jun Jul Aug Sep Oct Nov Dec

Report for May 2017
                   Monthly Climatological Summary for May 2017

Name: Point Cook   City: Point Cook   State: Victoria
Elevation: 11 m  Lat: S 37 52 35   Lon: E 144 44 21

                  Temperature (°C), Rain (mm), Wind Speed (km/h)

                                      Heat  Cool        Avg
    Mean                              Deg   Deg         Wind                 Dom
Day Temp  High   Time   Low    Time   Days  Days  Rain  Speed High   Time    Dir
----------------------------------------------------------------------------------
01  15.7  20.8   13:30  12.1   23:33   3.0   0.3   2.4   7.4  32.2   13:01   NNW
02  11.1  15.1   12:35   8.3   23:09   7.2   0.0   0.0   5.0  37.0   12:53     W
03  11.3  15.7   14:01   6.6   07:29   7.0   0.0   0.0   2.3  17.7   13:25   SSW
04  11.0  16.6   13:08   5.6   07:13   7.3   0.0   0.0   1.7  16.1   14:29   SSE
05  12.4  20.6   15:06   4.4   07:28   6.2   0.3   0.0   3.2  25.7   15:03     N
06  13.2  19.7   12:33   8.4   23:00   5.2   0.0   0.4   6.9  40.2   16:39   WNW
07  11.0  15.2   12:40   7.1   06:53   7.3   0.0   0.0   6.2  30.6   13:52   WSW
08  12.0  16.2   13:14   8.7   07:21   6.3   0.0   0.4   5.6  32.2   14:44    SW
09  12.8  16.3   13:03  10.6   06:37   5.5   0.0   0.4   3.7  20.9   15:57    SW
10  12.6  17.1   14:01   8.2   23:59   5.7   0.0   0.0   1.5  17.7   14:09    SE
11  10.1  16.6   13:52   5.2   06:54   8.2   0.0   0.0   0.6  11.3   14:04   SSE
12  11.5  19.7   14:11   4.6   07:22   6.9   0.1   0.0   2.1  20.9   14:57   WSW
13  12.0  15.4   15:04   8.9   07:51   6.3   0.0   0.0   2.0  17.7   15:59     S
14  11.4  15.7   15:00   6.2   07:34   6.9   0.0   0.2   2.9  20.9   19:01   SSE
15  12.2  16.8   15:28   7.2   07:39   6.1   0.0   0.0   2.6  19.3   17:32    SE
16  10.7  15.6   14:59   6.0   06:33   7.6   0.0   0.0   1.8  16.1   23:24     E
17  13.7  16.4   13:55  11.6   01:17   4.6   0.0   0.6   2.3  16.1   07:49    NE
18  13.3  18.7   13:38   9.7   07:58   5.1   0.0   0.0   2.0  20.9   16:56    SE
19  13.0  17.6   13:33   9.6   05:33   5.3   0.0   0.4   1.4  24.1   13:16    NE
20  14.2  19.4   14:10  10.8   07:56   4.2   0.1   1.2   4.2  25.7   13:08     N
21  14.2  19.6   12:14   9.6   01:58   4.3   0.2   0.0   4.4  24.1   14:59     N
22  15.5  20.1   13:41   9.8   06:01   3.1   0.2   0.0   8.0  33.8   14:25   NNE
23  16.3  20.2   15:59  12.9   23:59   2.1   0.2   0.0   7.8  30.6   05:33     N
24  13.7  17.0   13:35   9.9   07:49   4.6   0.0   0.0   4.1  27.4   14:09   WNW
25  14.9  18.1   12:57  13.0   00:00   3.4   0.0   0.0   5.4  29.0   12:41    NW
26  13.1  17.2   13:19   9.0   23:57   5.2   0.0   0.0   2.0  17.7   14:49    SW
27  14.7  18.7   12:36   8.2   01:08   3.7   0.0   0.4   9.6  35.4   11:08     N
28  10.1  14.3   13:17   6.1   23:55   8.2   0.0   7.2   7.2  38.6   00:26   WNW
29  10.0  14.9   13:30   5.2   04:58   8.3   0.0   0.0   6.1  29.0   13:23    NW
30  10.5  14.2   13:07   6.2   23:38   7.8   0.0   1.6   7.7  37.0   11:53     W
31   9.1  13.0   13:31   4.9   05:09   9.2   0.0   0.4   4.8  29.0   10:20   WSW
----------------------------------------------------------------------------------
    12.5  20.8     1     4.4     5   181.8   1.4  15.6   4.3  40.2     6      NW

Max >=  35.0  0
Max <=  35.0 31
Min <=   5.0  3
Min <=   0.0  0
Max Rain: 7.2 on day 28
Days of Rain: 12 (>= 0.2 mm)  1 (>= 5.0 mm)  0 (>= 20.0 mm)
Heat Base: 18.3  Cool Base: 18.3  Method: Integration