NOAA style Climate Reports

Select a Year or Month report
2018: Jan Feb Mar Apr May Jun Jul Aug Sep Oct Nov Dec
2017: Jan Feb Mar Apr May Jun Jul Aug Sep Oct Nov Dec
2016: Jan Feb Mar Apr May Jun Jul Aug Sep Oct Nov Dec

Report for Mar 2017
                   Monthly Climatological Summary for Mar 2017

Name: Point Cook   City: Point Cook   State: Victoria
Elevation: 11 m  Lat: S 37 52 35   Lon: E 144 44 21

                  Temperature (°C), Rain (mm), Wind Speed (km/h)

                                      Heat  Cool        Avg
    Mean                              Deg   Deg         Wind                 Dom
Day Temp  High   Time   Low    Time   Days  Days  Rain  Speed High   Time    Dir
----------------------------------------------------------------------------------
01  23.1  31.2   14:23  15.7   07:15   0.3   5.1   0.0   3.8  24.1   19:24   SSE
02  20.1  25.3   15:11  16.4   03:04   0.5   2.3   0.0   7.1  35.4   21:31   SSW
03  21.5  27.1   18:22  18.1   07:39   0.0   3.2   0.0  12.0  40.2   14:10     S
04  21.9  28.4   15:30  15.6   06:35   0.4   3.9   0.0   5.0  24.1   18:47     S
05  21.5  25.9   14:23  19.2   01:19   0.0   3.2   0.0   8.8  35.4   17:02     S
06  21.4  26.6   15:31  18.1   07:13   0.0   3.1   0.0  13.3  45.1   22:19    SE
07  20.8  27.6   15:01  16.0   07:10   0.4   3.0   0.0  12.1  45.1   02:09    SE
08  21.2  29.7   15:06  12.8   07:11   1.4   4.3   0.0   5.2  33.8   17:26    SE
09  23.4  32.4   14:55  13.3   07:05   1.0   6.1   0.0   4.1  22.5   14:42   ESE
10  20.8  25.9   15:59  16.5   07:13   0.2   2.6   0.0   4.6  24.1   18:11   SSW
11  20.4  25.6   14:25  18.1   07:59   0.0   2.1   0.0   3.8  25.7   16:31     S
12  21.9  28.8   16:04  18.1   08:14   0.0   3.6   1.2   6.1  30.6   14:56   SSE
13  20.9  25.9   14:55  15.9   07:28   0.3   2.9   0.0   6.2  30.6   14:49   SSW
14  23.4  31.1   15:28  16.6   07:38   0.1   5.2   0.0   4.6  27.4   18:44    SE
15  26.6  33.9   17:37  18.4   04:04   0.0   8.3   0.0   8.1  41.8   10:46     N
16  21.9  26.1   02:38  16.1   23:19   0.1   3.7   2.6   8.4  37.0   04:26   WSW
17  18.6  21.7   16:08  16.1   06:00   0.6   1.0   0.0  11.1  35.4   17:15   SSE
18  20.1  29.3   15:53  10.8   06:53   1.9   3.7   0.0   3.7  24.1   16:30    SE
19  23.3  33.4   13:53  13.6   07:29   1.1   6.0   0.0   3.8  27.4   14:22    SE
20  21.9  27.1   15:48  18.9   05:01   0.0   3.6   5.4   3.9  33.8   16:39   SSW
21  21.3  25.7   14:29  19.3   05:27   0.0   3.0  12.8   3.6  33.8   15:00   SSE
22  19.2  21.1   17:03  17.8   05:16   0.1   1.0   2.6  13.1  41.8   19:14   SSE
23  19.7  24.7   15:23  16.9   04:06   0.4   1.8   0.0  15.8  43.5   02:00    SE
24  19.0  24.7   15:29  12.9   07:20   1.2   1.9   0.0   4.0  24.1   01:52    SE
25  23.3  31.8   13:40  17.8   01:21   0.1   5.1   0.0   4.7  24.1   20:56   NNE
26  21.2  25.6   15:23  18.6   03:28   0.0   2.9   0.0   3.0  19.3   14:42   SSE
27  21.9  33.2   12:09  13.7   23:38   0.6   4.2   2.0   9.8  62.8   13:07   NNW
28  17.4  24.4   14:43  10.4   07:16   2.6   1.7   0.0   2.8  20.9   15:38    SW
29  18.5  27.6   15:03  11.3   23:36   2.6   2.8   2.6   7.8  46.7   18:56   WNW
30  13.5  19.2   15:40   8.8   07:27   4.9   0.0   1.8   8.0  41.8   14:09    SW
31  13.6  19.2   14:31   9.1   08:11   4.7   0.0   0.0   4.0  22.5   12:26    SW
----------------------------------------------------------------------------------
    20.8  33.9    15     8.8    30    25.5 101.3  31.0   6.8  62.8    27     SSE

Max >=  35.0  0
Max <=  35.0 31
Min <=   5.0  0
Min <=   0.0  0
Max Rain: 12.8 on day 21
Days of Rain: 8 (>= 0.2 mm)  2 (>= 5.0 mm)  0 (>= 20.0 mm)
Heat Base: 18.3  Cool Base: 18.3  Method: Integration