NOAA style Climate Reports

Select a Year or Month report
2018: Jan Feb Mar Apr May Jun Jul Aug Sep Oct Nov Dec
2017: Jan Feb Mar Apr May Jun Jul Aug Sep Oct Nov Dec
2016: Jan Feb Mar Apr May Jun Jul Aug Sep Oct Nov Dec

Report for Jan 2017
                   Monthly Climatological Summary for Jan 2017

Name: Point Cook   City: Point Cook   State: Victoria
Elevation: 11 m  Lat: S 37 52 35   Lon: E 144 44 21

                  Temperature (°C), Rain (mm), Wind Speed (km/h)

                                      Heat  Cool        Avg
    Mean                              Deg   Deg         Wind                 Dom
Day Temp  High   Time   Low    Time   Days  Days  Rain  Speed High   Time    Dir
----------------------------------------------------------------------------------
01  18.1  20.9   14:00  16.3   23:54   0.6   0.4   2.0   5.3  24.1   21:05   SSW
02  16.1  20.7   16:17  13.7   06:48   2.3   0.1   1.4   9.4  35.4   14:00   SSW
03  17.7  21.8   14:51  15.1   06:10   1.3   0.7   0.0   8.5  32.2   17:33     S
04  22.1  29.2   15:03  15.9   06:05   0.6   4.4   0.0   6.9  32.2   16:16     S
05  24.2  31.0   15:14  18.6   06:29   0.0   5.9   0.0   6.8  35.4   17:47   SSW
06  25.3  34.0   17:07  18.2   04:15   0.0   7.0   0.0   6.4  27.4   14:44    SE
07  29.9  39.0   15:18  19.3   06:18   0.0  11.6   0.0   6.3  27.4   08:47   NNE
08  26.6  35.7   10:30  19.1   23:59   0.0   8.3   0.0  11.8  40.2   13:30   SSE
09  20.3  24.3   18:12  17.9   23:32   0.0   2.0   0.0   6.2  25.7   20:51   SSE
10  21.3  27.8   14:23  18.2   00:00   0.0   3.0   0.0   6.7  37.0   17:34     S
11  19.8  26.4   13:26  16.1   06:11   0.4   1.9   0.0   6.6  32.2   16:21     S
12  20.3  28.6   15:55  12.7   06:19   1.4   3.4   0.0   5.2  24.1   17:15   SSE
13  21.9  29.2   12:29  15.4   23:57   0.1   3.7   5.0   5.9  45.1   12:48   WNW
14  18.4  24.1   14:33  14.3   06:19   1.3   1.4   0.0  10.0  45.1   14:37   WSW
15  18.3  21.9   12:40  13.7   01:48   1.4   1.4   0.0   6.5  19.3   12:25     S
16  22.1  31.1   16:22  13.9   00:47   1.0   4.8   0.0   4.7  22.5   13:45    SE
17  25.7  36.7   16:08  18.7   03:06   0.0   7.4   0.0   5.9  33.8   22:07     S
18  18.9  22.1   13:47  15.3   23:47   0.5   1.1   0.0  11.1  45.1   11:56     S
19  19.0  25.6   15:59  14.3   04:53   1.2   1.9   0.0   6.0  22.5   10:02   SSE
20  18.1  21.8   14:46  15.8   05:19   0.8   0.6  20.0  11.9  54.7   17:00    SW
21  18.3  23.7   15:45  14.4   04:17   1.2   1.2   0.0   7.2  30.6   13:08     S
22  20.7  28.9   14:33  12.6   05:44   1.4   3.8   0.0   4.4  25.7   18:17   SSE
23  27.0  38.3   13:13  19.1   02:56   0.0   8.7   0.4   5.4  43.5   18:39    NW
24  20.8  25.2   13:10  16.4   23:59   0.2   2.7   0.0  10.2  46.7   04:52   SSW
25  18.1  23.5   16:38  12.1   05:59   1.5   1.3   0.0   6.7  32.2   18:33     S
26  18.3  22.4   16:05  14.0   06:56   0.8   0.8   0.0   7.0  27.4   18:36     S
27  20.2  24.7   15:48  17.6   05:53   0.1   2.1   0.0   5.9  25.7   16:50     S
28  20.1  28.4   11:00  14.1   06:10   1.0   2.7   0.0   6.2  38.6   12:59     S
29  21.5  27.4   15:41  17.5   07:37   0.0   3.3   0.0   5.1  27.4   16:16   SSE
30  22.8  32.7   16:52  16.1   04:47   0.3   4.8   0.0   5.2  35.4   16:46     W
31  19.1  23.2   12:47  16.3   05:28   0.5   1.3   0.0   8.6  38.6   18:11     S
----------------------------------------------------------------------------------
    21.0  39.0     7    12.1    25    19.9 103.7  28.8   7.1  54.7    20       S

Max >=  35.0  4
Max <=  35.0 27
Min <=   5.0  0
Min <=   0.0  0
Max Rain: 20.0 on day 20
Days of Rain: 5 (>= 0.2 mm)  2 (>= 5.0 mm)  1 (>= 20.0 mm)
Heat Base: 18.3  Cool Base: 18.3  Method: Integration