NOAA style Climate Reports

Select a Year or Month report
2018: Jan Feb Mar Apr May Jun Jul Aug Sep Oct Nov Dec
2017: Jan Feb Mar Apr May Jun Jul Aug Sep Oct Nov Dec
2016: Jan Feb Mar Apr May Jun Jul Aug Sep Oct Nov Dec

Report for Dec 2016
                   Monthly Climatological Summary for Dec 2016

Name: Point Cook   City: Point Cook   State: Victoria
Elevation: 11 m  Lat: S 37 52 35   Lon: E 144 44 21

                  Temperature (°C), Rain (mm), Wind Speed (km/h)

                                      Heat  Cool        Avg
    Mean                              Deg   Deg         Wind                 Dom
Day Temp  High   Time   Low    Time   Days  Days  Rain  Speed High   Time    Dir
----------------------------------------------------------------------------------
01  17.0  23.8   14:17  10.3   05:20   2.4   1.1   0.0   4.6  22.5   18:17     S
02  16.7  23.1   13:12  12.8   01:34   2.2   0.6   0.0   6.4  32.2   15:44     S
03  16.7  22.8   16:12   9.9   03:23   2.7   1.1   0.0   4.9  24.1   17:01    SE
04  21.4  33.2   13:13  11.1   05:29   1.9   5.0   0.6   4.5  49.9   17:43     N
05  19.2  23.3   03:47  15.1   23:41   0.7   1.6   0.0  10.0  37.0   05:26   SSW
06  16.8  21.4   14:00  12.5   23:59   2.0   0.5   0.0   6.0  29.0   16:03     S
07  18.3  26.5   16:28   9.2   05:49   2.7   2.7   0.0   4.6  25.7   14:44    SE
08  19.3  24.6   04:11  12.3   23:47   1.2   2.2   7.4  13.2  49.9   16:17    NW
09  13.7  18.8   14:30   9.7   05:06   4.6   0.0   0.0  10.2  38.6   12:24    SW
10  15.6  20.5   13:34  12.2   04:55   3.0   0.3   0.0   5.8  25.7   13:51     S
11  16.8  21.3   15:49  12.5   07:01   2.1   0.6   0.0   7.4  27.4   19:08     S
12  22.3  35.2   16:45   9.3   05:40   2.4   6.4   0.0   3.9  29.0   16:04   WNW
13  25.7  36.4   15:40  16.3   05:22   0.2   7.6   0.0   7.2  45.1   23:40   NNW
14  17.3  20.9   00:00  13.3   23:55   1.3   0.4   0.0  10.0  43.5   15:00   SSW
15  15.5  19.8   13:21  12.4   03:08   2.9   0.1   0.0   9.5  40.2   14:28     S
16  18.2  25.8   17:36   9.5   06:03   2.4   2.3   0.0   4.7  25.7   17:33   ESE
17  17.2  22.2   13:31  11.6   23:57   1.9   0.8   0.0   8.7  43.5   11:18   WSW
18  14.3  19.6   13:27   7.9   06:00   4.1   0.1   0.0   6.6  30.6   12:26     S
19  20.9  32.0   15:43   7.8   06:18   2.8   5.4   0.0   6.7  37.0   13:49     N
20  19.3  23.2   13:35  15.5   23:59   0.6   1.6   0.6   6.8  32.2   10:15   SSW
21  16.5  20.8   15:23  12.2   05:53   2.3   0.4   0.0   7.9  32.2   15:17     S
22  17.3  21.8   14:54  14.9   04:26   1.5   0.5   0.0   6.8  29.0   16:30     S
23  19.8  28.1   16:29  12.6   04:12   1.6   3.1   0.0   3.6  24.1   17:02     S
24  24.3  37.1   16:05  15.6   06:07   0.3   6.3   0.0   6.0  40.2   14:22   NNW
25  28.1  38.7   15:29  16.0   06:47   0.4  10.2   0.0   7.5  33.8   17:17   NNE
26  23.5  30.3   08:29  18.3   17:21   0.0   5.2   1.4   7.8  35.4   04:22   SSW
27  21.4  25.3   16:29  17.9   06:21   0.0   3.1   0.8   3.6  16.1   21:25   ESE
28  29.3  39.3   17:44  21.1   03:29   0.0  11.0   0.2  12.6  53.1   13:08     N
29  26.2  36.8   13:24  21.2   23:06   0.0   7.9  17.4   6.8  35.4   11:00     N
30  22.4  27.9   15:20  19.2   23:41   0.0   4.1   0.0   6.9  37.0   17:24   SSE
31  20.4  26.1   14:09  15.8   06:21   0.4   2.5   0.0   7.5  32.2   14:53     S
----------------------------------------------------------------------------------
    19.7  39.3    28     7.8    19    50.6  94.7  28.4   7.0  53.1    28     SSW

Max >=  35.0  6
Max <=  35.0 25
Min <=   5.0  0
Min <=   0.0  0
Max Rain: 17.4 on day 29
Days of Rain: 7 (>= 0.2 mm)  2 (>= 5.0 mm)  0 (>= 20.0 mm)
Heat Base: 18.3  Cool Base: 18.3  Method: Integration