NOAA style Climate Reports

Select a Year or Month report
2018: Jan Feb Mar Apr May Jun Jul Aug Sep Oct Nov Dec
2017: Jan Feb Mar Apr May Jun Jul Aug Sep Oct Nov Dec
2016: Jan Feb Mar Apr May Jun Jul Aug Sep Oct Nov Dec

Report for Nov 2016
                   Monthly Climatological Summary for Nov 2016

Name: Point Cook   City: Point Cook   State: Victoria
Elevation: 11 m  Lat: S 37 52 35   Lon: E 144 44 21

                  Temperature (°C), Rain (mm), Wind Speed (km/h)

                                      Heat  Cool        Avg
    Mean                              Deg   Deg         Wind                 Dom
Day Temp  High   Time   Low    Time   Days  Days  Rain  Speed High   Time    Dir
----------------------------------------------------------------------------------
01  12.9  19.2   12:09   6.3   04:31   5.4   0.0   1.0   6.8  35.4   11:21   WNW
02  13.4  20.1   15:37   8.0   01:58   5.0   0.0   0.0   6.2  29.0   10:53     W
03  14.5  21.3   13:00   7.0   06:35   4.2   0.4   0.0   5.0  25.7   13:54     S
04  19.2  31.1   15:33   7.3   06:24   3.4   4.3   0.0  11.2  51.5   17:29   WNW
05  13.4  18.1   13:37   9.3   06:21   4.9   0.0   0.0  11.5  51.5   10:13   WSW
06  17.1  24.0   16:10  11.8   03:13   2.5   1.2   0.0   8.1  40.2   08:48     W
07  18.0  26.3   12:34  12.7   02:24   1.9   1.6   0.4  10.5  49.9   10:45   WNW
08  14.3  19.1   14:53   9.1   06:37   4.0   0.0   0.0   7.0  29.0   11:34     S
09  15.1  19.8   14:16  11.2   06:37   3.3   0.1   0.0   7.6  29.0   13:31   SSE
10  14.2  19.1   14:07  10.1   04:33   4.1   0.0   0.0   6.5  29.0   14:20   SSE
11  14.8  21.5   14:39   7.6   06:21   4.0   0.5   0.2   6.0  29.0   18:16   SSE
12  18.1  26.3   13:43  11.9   05:42   1.9   1.7   1.6   9.5  53.1   13:59   NNW
13  15.0  21.3   14:55  11.3   06:59   3.4   0.1   5.4  10.3  43.5   16:43     W
14  13.8  17.7   15:03  10.8   06:16   4.5   0.0   6.8  12.9  43.5   11:54    SW
15  14.2  20.3   15:27  10.1   01:38   4.2   0.1   0.0   5.8  25.7   14:30    SW
16  15.8  21.3   14:07  10.1   01:33   3.0   0.5   0.0   5.4  24.1   16:52   SSE
17  15.6  15.6   00:00  15.6   00:00   2.7   0.0   0.0   6.4   4.8   00:00    SE
18  15.6  15.6   00:00  13.6   23:55   2.7   0.0   0.0   6.4  11.3   23:50    SE
19  15.5  22.7   14:10   8.7   05:44   3.5   0.7   0.0   4.7  24.1   15:09     S
20  20.2  29.9   17:51  10.8   06:05   2.1   4.1   0.0   3.4  35.4   23:28    SE
21  26.6  36.1   16:35  20.6   23:59   0.0   8.3   0.0  12.6  62.8   17:43     N
22  15.2  20.6   00:00  13.3   23:59   3.1   0.0   9.2   4.7  19.3   00:06     S
23  13.4  17.8   11:13   9.6   23:48   4.9   0.0   5.6   8.2  41.8   17:38   SSW
24  13.5  18.5   15:11   8.1   02:08   4.8   0.0   0.2   7.3  32.2   19:21    SW
25  14.2  18.2   11:31  10.3   05:24   4.1   0.0   0.0   8.4  33.8   18:14    SW
26  14.8  19.1   13:58  11.3   03:35   3.5   0.0   0.0   7.7  29.0   18:46    SW
27  14.9  18.4   17:07  12.1   06:05   3.4   0.0   0.0   5.9  24.1   17:00     S
28  16.1  20.8   14:56  13.2   03:57   2.6   0.3   0.2   5.6  22.5   12:45     S
29  16.3  21.5   14:34  12.8   23:56   2.5   0.5   0.0   5.5  35.4   17:03   SSE
30  16.0  19.1   12:40  12.1   01:51   2.3   0.0   0.0   5.6  24.1   14:25   SSW
----------------------------------------------------------------------------------
    15.7  36.1    21     6.3     1   101.9  24.4  30.6   7.4  62.8    21      SW

Max >=  35.0  1
Max <=  35.0 29
Min <=   5.0  0
Min <=   0.0  0
Max Rain: 9.2 on day 22
Days of Rain: 10 (>= 0.2 mm)  4 (>= 5.0 mm)  0 (>= 20.0 mm)
Heat Base: 18.3  Cool Base: 18.3  Method: Integration