NOAA style Climate Reports

Select a Year or Month report
2018: Jan Feb Mar Apr May Jun Jul Aug Sep Oct Nov Dec
2017: Jan Feb Mar Apr May Jun Jul Aug Sep Oct Nov Dec
2016: Jan Feb Mar Apr May Jun Jul Aug Sep Oct Nov Dec

Report for Aug 2016
                   Monthly Climatological Summary for Aug 2016

Name: Point Cook   City: Point Cook   State: Victoria
Elevation: 11 m  Lat: S 37 52 35   Lon: E 144 44 21

                  Temperature (°C), Rain (mm), Wind Speed (km/h)

                                      Heat  Cool        Avg
    Mean                              Deg   Deg         Wind                 Dom
Day Temp  High   Time   Low    Time   Days  Days  Rain  Speed High   Time    Dir
----------------------------------------------------------------------------------
01  12.2  15.3   12:50   9.2   23:59   6.1   0.0   8.6   7.1  30.6   20:46   NNW
02   9.7  13.6   14:17   6.0   07:55   8.6   0.0   1.4   7.1  33.8   12:27   SSW
03  10.2  13.6   13:44   8.3   07:12   8.1   0.0   1.2   6.3  40.2   13:48   SSW
04   8.8  13.6   14:26   3.4   07:30   9.5   0.0   0.0   5.0  32.2   13:32   SSE
05   8.0  14.7   12:26   2.5   07:52  10.3   0.0   0.0   2.7  22.5   14:51    SW
06   9.2  13.3   14:32   5.9   02:36   9.1   0.0   0.0   1.7  11.3   15:34   ENE
07  10.9  17.1   12:33   6.0   23:59   7.4   0.0   0.0   2.5  17.7   13:48   ESE
08   9.3  14.6   14:58   3.8   02:55   9.0   0.0   0.0   8.1  33.8   20:00   NNE
09  14.0  17.5   16:32  11.0   00:00   4.3   0.0   0.2  16.5  54.7   13:05     N
10  11.6  15.2   15:06   7.1   23:49   6.7   0.0   7.2  12.2  43.5   12:51    NW
11  10.3  16.2   13:37   5.7   04:37   8.0   0.0   0.0   7.6  33.8   12:39    NW
12  11.0  15.4   13:04   7.2   07:04   7.3   0.0   2.8   8.6  40.2   15:31     N
13  10.8  15.7   12:02   5.7   05:43   7.5   0.0   0.2   7.3  32.2   16:20    NW
14  13.3  18.1   13:30   9.2   05:17   5.0   0.0   0.0   5.7  27.4   13:50    NW
15  13.2  19.7   14:37   7.8   07:42   5.2   0.1   0.0   4.9  22.5   12:05     N
16  14.4  19.2   14:20  10.4   03:29   3.9   0.1   0.0  10.8  40.2   12:58     N
17  12.6  15.3   12:24   6.2   23:31   5.7   0.0   0.4   5.1  25.7   00:01   SSW
18  14.9  21.6   12:58   5.1   01:31   3.9   0.5   0.0  12.8  45.1   21:05   NNE
19  12.8  17.7   00:40   6.6   23:54   5.5   0.0  10.6  10.2  49.9   01:30     N
20   9.7  14.4   14:28   5.3   02:25   8.6   0.0   0.8  10.1  43.5   14:29    NW
21  11.6  15.7   14:31   9.4   02:44   6.7   0.0   0.6   4.8  27.4   16:53    NW
22  10.2  16.9   11:51   5.7   06:10   8.1   0.0   3.2   2.9  25.7   11:57     S
23   9.6  14.4   14:31   5.4   23:13   8.7   0.0   0.0   3.1  19.3   15:01     S
24   8.6  13.3   14:04   3.8   07:09   9.7   0.0   0.0   4.5  30.6   15:44   SSW
25   9.3  14.4   13:48   5.8   07:19   9.0   0.0   0.0   6.1  30.6   16:33    SW
26  10.1  15.3   14:36   5.4   01:20   8.2   0.0   0.0   5.0  24.1   10:28   WNW
27  11.5  17.1   14:39   6.4   06:13   6.8   0.0   0.0   7.7  30.6   12:04    NW
28  13.6  20.0   12:42  10.3   07:43   4.8   0.1   0.0   5.9  30.6   03:43   NNW
29  14.0  20.2   12:50   8.2   07:24   4.6   0.3   0.0   7.4  35.4   16:27   NNE
30  13.8  15.8   14:38  11.2   00:08   4.5   0.0   0.4  10.6  45.1   16:59   NNE
31  15.0  20.1   13:43  10.2   05:41   3.4   0.1   0.0   5.3  30.6   09:50   WNW
----------------------------------------------------------------------------------
    11.4  21.6    18     2.5     5   214.2   1.2  37.6   7.0  54.7     9     NNW

Max >=  35.0  0
Max <=  35.0 31
Min <=   5.0  4
Min <=   0.0  0
Max Rain: 10.6 on day 19
Days of Rain: 13 (>= 0.2 mm)  3 (>= 5.0 mm)  0 (>= 20.0 mm)
Heat Base: 18.3  Cool Base: 18.3  Method: Integration