NOAA style Climate Reports

Select a Year or Month report
2018: Jan Feb Mar Apr May Jun Jul Aug Sep Oct Nov Dec
2017: Jan Feb Mar Apr May Jun Jul Aug Sep Oct Nov Dec
2016: Jan Feb Mar Apr May Jun Jul Aug Sep Oct Nov Dec

Report for Jul 2016
                   Monthly Climatological Summary for Jul 2016

Name: Point Cook   City: Point Cook   State: Victoria
Elevation: 11 m  Lat: S 37 52 35   Lon: E 144 44 21

                  Temperature (°C), Rain (mm), Wind Speed (km/h)

                                      Heat  Cool        Avg
    Mean                              Deg   Deg         Wind                 Dom
Day Temp  High   Time   Low    Time   Days  Days  Rain  Speed High   Time    Dir
----------------------------------------------------------------------------------
01  10.6  14.1   12:45   7.4   00:49   7.7   0.0   0.4   5.8  30.6   11:16     W
02  12.9  16.3   12:52  10.1   08:01   5.4   0.0   0.0   5.9  35.4   12:22   WNW
03  12.8  16.7   12:25   9.3   08:28   5.5   0.0   0.0   7.2  33.8   14:14    NW
04  11.4  12.8   12:53   9.9   23:00   6.9   0.0   0.2   5.9  22.5   14:33   NNE
05  10.3  11.9   22:19   8.2   06:21   8.0   0.0  22.6   6.7  40.2   23:19   SSW
06  12.1  12.8   14:45  11.4   23:01   6.2   0.0   0.8  12.5  41.8   00:28     S
07  11.4  12.2   15:31  10.7   06:24   6.9   0.0   7.0   6.3  27.4   17:55   SSE
08  10.7  15.7   13:09   7.1   23:50   7.6   0.0   0.0   2.1  16.1   14:03    SW
09   8.4  14.4   13:59   4.3   06:43   9.9   0.0   0.2   1.6  12.9   15:22   ENE
10  10.6  13.5   12:23   6.4   02:59   7.7   0.0   1.6  11.3  53.1   21:28   NNE
11  13.0  15.7   12:14  11.2   04:29   5.3   0.0   1.2  12.6  41.8   12:17     N
12  10.2  13.4   10:07   5.8   23:58   8.1   0.0   1.4  16.7  64.4   13:32    NW
13   7.8  12.1   14:33   3.7   05:46  10.5   0.0   0.2  12.4  41.8   04:36   WNW
14   9.8  13.8   14:23   5.5   06:02   8.5   0.0   0.0   8.3  41.8   12:19    NW
15  11.4  15.8   12:33   7.7   04:30   6.9   0.0   0.0   4.3  22.5   12:45   WNW
16   9.9  14.3   13:36   4.9   23:58   8.4   0.0   0.0   2.2  16.1   11:39   WNW
17   9.6  16.4   12:58   0.8   07:45   8.7   0.0   0.0   7.5  49.9   22:11     N
18  14.8  19.1   12:03  11.6   06:56   3.5   0.1   0.0  10.5  40.2   11:56     N
19  13.5  15.8   14:10  11.3   23:57   4.8   0.0   1.6   2.0  14.5   11:46    NW
20  11.4  15.7   13:18   6.8   23:55   6.9   0.0   0.2   1.9  14.5   13:21   SSE
21  12.0  19.1   15:05   5.2   03:40   6.3   0.0   1.0   6.2  37.0   22:12   NNE
22  14.1  18.8   13:56   8.2   23:57   4.2   0.0  10.4  12.5  57.9   14:11    NW
23   8.2  11.7   13:05   5.8   23:57  10.1   0.0   2.0  10.1  51.5   02:04     W
24   7.7  12.8   13:53   3.3   06:08  10.6   0.0   0.0   8.1  37.0   13:02     N
25   9.7  14.6   12:14   6.3   02:08   8.6   0.0   5.6  11.5  49.9   18:13    NW
26   8.6  10.9   15:31   5.9   07:55   9.7   0.0   0.0  11.0  35.4   11:54   NNW
27  10.0  12.9   11:35   7.3   23:47   8.3   0.0   0.0   7.2  32.2   12:38   WNW
28  11.6  16.2   13:55   7.3   00:00   6.7   0.0   0.0   7.7  32.2   12:31    NW
29  12.0  16.3   14:58   9.3   22:16   6.3   0.0   2.0   6.5  41.8   15:22    NW
30  11.5  15.3   11:51   7.5   04:53   6.8   0.0   0.2   8.7  41.8   23:51     N
31  13.0  16.9   14:03   8.8   08:09   5.3   0.0   1.4   6.6  35.4   00:13   NNW
----------------------------------------------------------------------------------
    11.0  19.1    18     0.8    17   226.3   0.1  60.0   7.7  64.4    12      NW

Max >=  35.0  0
Max <=  35.0 31
Min <=   5.0  5
Min <=   0.0  0
Max Rain: 22.6 on day 5
Days of Rain: 19 (>= 0.2 mm)  4 (>= 5.0 mm)  1 (>= 20.0 mm)
Heat Base: 18.3  Cool Base: 18.3  Method: Integration