NOAA style Climate Reports

Select a Year or Month report
2018: Jan Feb Mar Apr May Jun Jul Aug Sep Oct Nov Dec
2017: Jan Feb Mar Apr May Jun Jul Aug Sep Oct Nov Dec
2016: Jan Feb Mar Apr May Jun Jul Aug Sep Oct Nov Dec

Report for May 2016
                   Monthly Climatological Summary for May 2016

Name: Point Cook   City: Point Cook   State: Victoria
Elevation: 11 m  Lat: S 37 52 35   Lon: E 144 44 21

                  Temperature (°C), Rain (mm), Wind Speed (km/h)

                                      Heat  Cool        Avg
    Mean                              Deg   Deg         Wind                 Dom
Day Temp  High   Time   Low    Time   Days  Days  Rain  Speed High   Time    Dir
----------------------------------------------------------------------------------
01  14.4  20.1   02:00   8.7   23:44   4.0   0.2  15.0  10.9  46.7   15:22    NW
02  13.4  18.8   13:45   8.6   00:24   4.9   0.0   0.0  10.1  40.2   12:42   NNW
03  15.8  20.4   14:25  11.8   23:04   2.8   0.3   1.2  13.9  57.9   10:10   NNW
04  13.3  18.2   13:48   8.1   07:08   5.0   0.0   0.0   7.0  32.2   15:03   NNW
05  16.8  22.1   14:47  11.6   07:04   2.4   0.8   0.0   9.8  41.8   12:35     N
06  17.9  26.8   14:06  12.5   23:57   1.7   1.4   0.0   9.1  33.8   09:37     N
07  17.8  26.2   13:13  10.1   06:09   2.7   2.3   0.0   5.3  32.2   12:03     N
08  16.9  18.6   22:53  14.1   00:18   1.4   0.0   8.8   6.1  30.6   19:48    NE
09  18.0  22.3   10:26  14.2   13:25   1.0   0.6  11.8  12.6  46.7   22:25   NNE
10  14.9  17.6   12:51  12.8   05:43   3.4   0.0   0.6  12.4  49.9   11:38     W
11  14.7  17.7   13:20  11.6   03:55   3.6   0.0   0.0  12.2  41.8   00:13   WNW
12  18.1  22.1   14:55  15.5   05:35   1.0   0.8   0.0  10.7  43.5   12:03   WNW
13  17.7  22.2   15:25  14.2   23:33   1.4   0.8   0.0   6.9  27.4   00:44    NW
14  17.4  22.9   15:10  12.8   04:29   1.8   1.0   0.0   7.9  30.6   10:29     N
15  15.7  21.4   13:00   9.0   23:37   3.0   0.4   0.0   6.5  32.2   13:49   WNW
16  15.2  20.1   12:37   6.3   07:34   4.7   0.6   1.0   9.0  41.8   18:01   NNW
17  14.9  17.4   12:36  13.0   03:40   3.4   0.0   0.0   6.2  30.6   00:52   WNW
18  15.7  19.9   13:38  12.9   00:25   2.8   0.1   0.0   6.3  32.2   12:59    NW
19  16.0  19.6   12:00  14.2   03:32   2.3   0.1   0.6   8.6  38.6   18:54    NW
20  13.2  18.0   11:47   9.6   23:52   5.1   0.0   0.0   2.6  19.3   11:55     W
21  12.9  19.7   13:08   6.6   06:06   5.5   0.1   0.0   5.1  30.6   23:36   NNE
22  17.5  21.8   14:51  11.6   04:02   1.9   1.2   0.0  12.6  53.1   19:30   NNE
23  13.7  19.4   00:00   9.7   23:54   4.6   0.0   5.4   8.8  38.6   11:05     W
24  11.5  16.6   14:45   7.8   23:54   6.8   0.0   0.2   4.4  24.1   10:35     W
25  11.5  17.7   12:09   7.3   02:44   6.8   0.0   5.8   8.3  38.6   11:37     N
26  10.7  12.5   13:20   8.2   23:51   7.6   0.0   5.0   5.9  25.7   02:13    NW
27   9.8  15.3   13:09   6.3   07:35   8.5   0.0   0.0   3.4  20.9   10:46     W
28  10.3  14.7   15:12   6.3   05:13   8.0   0.0   0.8   4.9  33.8   15:17   WSW
29  11.3  13.8   14:46   7.6   23:59   7.0   0.0   0.0   4.1  20.9   00:08     W
30   9.5  14.6   13:59   5.0   23:57   8.8   0.0   0.0   2.7  20.9   12:59     E
31   7.8  14.9   15:18   1.5   07:00  10.5   0.0   0.0   2.6  17.7   13:10   ESE
----------------------------------------------------------------------------------
    14.3  26.8     6     1.5    31   134.4  10.7  56.2   7.7  57.9     3     NNW

Max >=  35.0  0
Max <=  35.0 31
Min <=   5.0  2
Min <=   0.0  0
Max Rain: 15.0 on day 1
Days of Rain: 12 (>= 0.2 mm)  6 (>= 5.0 mm)  0 (>= 20.0 mm)
Heat Base: 18.3  Cool Base: 18.3  Method: Integration